CRAN Package Check Results for Package AMModels

Last updated on 2020-09-15 02:53:09 CEST.

Flavor Version Tinstall Tcheck Ttotal Status Flags
r-devel-linux-x86_64-debian-clang 0.1.4 15.97 101.57 117.54 OK
r-devel-linux-x86_64-debian-gcc 0.1.4 12.38 77.68 90.06 OK
r-devel-linux-x86_64-fedora-clang 0.1.4 154.32 OK
r-devel-linux-x86_64-fedora-gcc 0.1.4 154.66 OK
r-devel-windows-ix86+x86_64 0.1.4 31.00 121.00 152.00 OK
r-patched-linux-x86_64 0.1.4 16.57 98.57 115.14 OK
r-patched-solaris-x86 0.1.4 198.50 OK
r-release-linux-x86_64 0.1.4 15.65 98.43 114.08 OK
r-release-macos-x86_64 0.1.4 NOTE
r-release-windows-ix86+x86_64 0.1.4 26.00 130.00 156.00 OK
r-oldrel-macos-x86_64 0.1.4 OK
r-oldrel-windows-ix86+x86_64 0.1.4 18.00 123.00 141.00 OK

Check Details

Version: 0.1.4
Check: package dependencies
Result: NOTE
    Package suggested but not available for checking: ‘AICcmodavg’
Flavor: r-release-macos-x86_64