CRAN Package Check Results for Package APtools

Last updated on 2020-05-30 02:02:27 CEST.

Flavor Version Tinstall Tcheck Ttotal Status Flags
r-devel-linux-x86_64-debian-clang 6.8.8 9.24 71.83 81.07 NOTE
r-devel-linux-x86_64-debian-gcc 6.8.8 7.38 56.40 63.78 NOTE
r-devel-linux-x86_64-fedora-clang 6.8.8 100.09 NOTE
r-devel-linux-x86_64-fedora-gcc 6.8.8 96.56 NOTE
r-devel-windows-ix86+x86_64 6.8.8 21.00 116.00 137.00 OK
r-patched-linux-x86_64 6.8.8 9.67 72.07 81.74 NOTE
r-patched-solaris-x86 6.8.8 142.20 NOTE
r-release-linux-x86_64 6.8.8 10.07 72.01 82.08 NOTE
r-release-osx-x86_64 6.8.8 OK
r-release-windows-ix86+x86_64 6.8.8 16.00 104.00 120.00 OK
r-oldrel-osx-x86_64 6.8.8 OK
r-oldrel-windows-ix86+x86_64 6.8.8 15.00 78.00 93.00 OK

Check Details

Version: 6.8.8
Check: for non-standard things in the check directory
Result: NOTE
    Found the following files/directories:
     'APBinary_PPV.csv' 'APBinary_TPF.csv'
     'APBinary_ap_summary(method=perturbation,B=1500).csv'
     'APBinary_auc_summary(method=perturbation,B=1500).csv'
     'APSurv_PPV.csv' 'APSurv_TPF.csv'
     'APSurv_ap_summary(method=bootstrap,B=500).csv'
     'APSurv_auc_summary(method=bootstrap,B=500).csv'
     'CompareAP_Binary_dap_summary(method=none).csv'
     'CompareAP_Survival_dap_summary(method=bootstrap,B=500).csv'
Flavors: r-devel-linux-x86_64-debian-clang, r-devel-linux-x86_64-debian-gcc, r-devel-linux-x86_64-fedora-clang, r-devel-linux-x86_64-fedora-gcc, r-patched-linux-x86_64, r-patched-solaris-x86, r-release-linux-x86_64