CRAN Package Check Results for Package APtools

Last updated on 2019-10-13 01:46:08 CEST.

Flavor Version Tinstall Tcheck Ttotal Status Flags
r-devel-linux-x86_64-debian-clang 6.8.8 9.36 65.22 74.58 NOTE
r-devel-linux-x86_64-debian-gcc 6.8.8 7.14 52.71 59.85 NOTE
r-devel-linux-x86_64-fedora-clang 6.8.8 89.88 NOTE
r-devel-linux-x86_64-fedora-gcc 6.8.8 88.23 NOTE
r-devel-windows-ix86+x86_64 6.8.8 16.00 96.00 112.00 OK
r-patched-linux-x86_64 6.8.8 7.20 64.18 71.38 OK
r-patched-solaris-x86 6.8.8 133.10 OK
r-release-linux-x86_64 6.8.8 7.88 63.95 71.83 OK
r-release-windows-ix86+x86_64 6.8.8 18.00 73.00 91.00 OK
r-release-osx-x86_64 6.8.8 OK
r-oldrel-windows-ix86+x86_64 6.8.8 8.00 95.00 103.00 OK
r-oldrel-osx-x86_64 6.8.8 OK

Check Details

Version: 6.8.8
Check: for non-standard things in the check directory
Result: NOTE
    Found the following files/directories:
     'APBinary_PPV.csv' 'APBinary_TPF.csv'
     'APBinary_ap_summary(method=perturbation,B=1500).csv'
     'APBinary_auc_summary(method=perturbation,B=1500).csv'
     'APSurv_PPV.csv' 'APSurv_TPF.csv'
     'APSurv_ap_summary(method=bootstrap,B=500).csv'
     'APSurv_auc_summary(method=bootstrap,B=500).csv'
     'CompareAP_Binary_dap_summary(method=none).csv'
     'CompareAP_Survival_dap_summary(method=bootstrap,B=500).csv'
Flavors: r-devel-linux-x86_64-debian-clang, r-devel-linux-x86_64-debian-gcc, r-devel-linux-x86_64-fedora-clang, r-devel-linux-x86_64-fedora-gcc