CRAN Package Check Results for Package ARTP2

Last updated on 2020-03-31 01:52:32 CEST.

Flavor Version Tinstall Tcheck Ttotal Status Flags
r-devel-linux-x86_64-debian-clang 0.9.45 27.55 66.94 94.49 NOTE
r-devel-linux-x86_64-debian-gcc 0.9.45 19.62 52.24 71.86 NOTE
r-devel-linux-x86_64-fedora-clang 0.9.45 117.24 NOTE
r-devel-linux-x86_64-fedora-gcc 0.9.45 114.69 NOTE
r-devel-windows-ix86+x86_64 0.9.45 53.00 88.00 141.00 NOTE
r-devel-windows-ix86+x86_64-gcc8 0.9.45 46.00 103.00 149.00 NOTE
r-patched-linux-x86_64 0.9.45 21.05 65.64 86.69 NOTE
r-patched-solaris-x86 0.9.45 174.80 NOTE
r-release-linux-x86_64 0.9.45 19.13 61.47 80.60 NOTE
r-release-windows-ix86+x86_64 0.9.45 90.00 116.00 206.00 NOTE
r-release-osx-x86_64 0.9.45 NOTE
r-oldrel-windows-ix86+x86_64 0.9.45 56.00 115.00 171.00 NOTE
r-oldrel-osx-x86_64 0.9.45 NOTE

Check Details

Version: 0.9.45
Check: package dependencies
Result: NOTE
    Package which this enhances but not available for checking: 'ARTP'
Flavors: r-devel-linux-x86_64-debian-clang, r-devel-linux-x86_64-debian-gcc, r-devel-linux-x86_64-fedora-clang, r-devel-linux-x86_64-fedora-gcc, r-patched-linux-x86_64, r-patched-solaris-x86, r-release-linux-x86_64

Version: 0.9.45
Check: installed package size
Result: NOTE
     installed size is 6.6Mb
     sub-directories of 1Mb or more:
     extdata 3.7Mb
     libs 1.6Mb
Flavors: r-devel-linux-x86_64-fedora-clang, r-devel-windows-ix86+x86_64, r-devel-windows-ix86+x86_64-gcc8, r-patched-solaris-x86, r-release-windows-ix86+x86_64, r-release-osx-x86_64, r-oldrel-windows-ix86+x86_64, r-oldrel-osx-x86_64