CRAN Package Check Results for Package ASSOCShiny

Last updated on 2020-05-25 01:48:46 CEST.

Flavor Version Tinstall Tcheck Ttotal Status Flags
r-devel-linux-x86_64-debian-clang 0.1.0 1.92 18.06 19.98 OK
r-devel-linux-x86_64-debian-gcc 0.1.0 1.78 14.34 16.12 OK
r-devel-linux-x86_64-fedora-clang 0.1.0 24.97 NOTE
r-devel-linux-x86_64-fedora-gcc 0.1.0 24.27 NOTE
r-devel-windows-ix86+x86_64 0.1.0 16.00 47.00 63.00 OK
r-patched-linux-x86_64 0.1.0 2.28 17.91 20.19 OK
r-patched-solaris-x86 0.1.0 40.60 NOTE
r-release-linux-x86_64 0.1.0 2.34 18.03 20.37 OK
r-release-osx-x86_64 0.1.0 NOTE
r-release-windows-ix86+x86_64 0.1.0 15.00 41.00 56.00 OK
r-oldrel-osx-x86_64 0.1.0 NOTE
r-oldrel-windows-ix86+x86_64 0.1.0 6.00 44.00 50.00 OK

Check Details

Version: 0.1.0
Check: dependencies in R code
Result: NOTE
    Namespaces in Imports field not imported from:
     ‘arules’ ‘arulesViz’ ‘dplyr’ ‘methods’ ‘plotly’ ‘shiny’ ‘shinyMatrix’
     All declared Imports should be used.
Flavors: r-devel-linux-x86_64-fedora-clang, r-devel-linux-x86_64-fedora-gcc, r-patched-solaris-x86, r-release-osx-x86_64, r-oldrel-osx-x86_64