CRAN Package Check Results for Package ASSOCShiny

Last updated on 2019-10-17 02:47:17 CEST.

Flavor Version Tinstall Tcheck Ttotal Status Flags
r-devel-linux-x86_64-debian-clang 0.1.0 1.57 16.11 17.68 OK
r-devel-linux-x86_64-debian-gcc 0.1.0 1.45 13.37 14.82 OK
r-devel-linux-x86_64-fedora-clang 0.1.0 22.79 NOTE
r-devel-linux-x86_64-fedora-gcc 0.1.0 22.07 NOTE
r-devel-windows-ix86+x86_64 0.1.0 16.00 47.00 63.00 OK
r-patched-linux-x86_64 0.1.0 1.26 15.94 17.20 OK
r-patched-solaris-x86 0.1.0 36.70 NOTE
r-release-linux-x86_64 0.1.0 1.60 16.10 17.70 OK
r-release-windows-ix86+x86_64 0.1.0 6.00 32.00 38.00 OK
r-release-osx-x86_64 0.1.0 NOTE
r-oldrel-windows-ix86+x86_64 0.1.0 3.00 30.00 33.00 OK
r-oldrel-osx-x86_64 0.1.0 NOTE

Check Details

Version: 0.1.0
Check: dependencies in R code
Result: NOTE
    Namespaces in Imports field not imported from:
     ‘arules’ ‘arulesViz’ ‘dplyr’ ‘methods’ ‘plotly’ ‘shiny’ ‘shinyMatrix’
     All declared Imports should be used.
Flavors: r-devel-linux-x86_64-fedora-clang, r-devel-linux-x86_64-fedora-gcc, r-patched-solaris-x86, r-release-osx-x86_64, r-oldrel-osx-x86_64