CRAN Package Check Results for Package ATR

Last updated on 2019-11-14 00:52:54 CET.

Flavor Version Tinstall Tcheck Ttotal Status Flags
r-devel-linux-x86_64-debian-clang 0.1-0 7.33 61.12 68.45 OK
r-devel-linux-x86_64-debian-gcc 0.1-0 5.88 47.35 53.23 OK
r-devel-linux-x86_64-fedora-clang 0.1-0 89.93 NOTE
r-devel-linux-x86_64-fedora-gcc 0.1-0 81.32 NOTE
r-devel-windows-ix86+x86_64 0.1-0 19.00 107.00 126.00 OK
r-patched-linux-x86_64 0.1-0 6.83 57.43 64.26 OK
r-patched-solaris-x86 0.1-0 118.00 OK
r-release-linux-x86_64 0.1-0 6.78 57.31 64.09 OK
r-release-windows-ix86+x86_64 0.1-0 18.00 104.00 122.00 OK
r-release-osx-x86_64 0.1-0 OK
r-oldrel-windows-ix86+x86_64 0.1-0 8.00 98.00 106.00 OK
r-oldrel-osx-x86_64 0.1-0 OK

Check Details

Version: 0.1-0
Check: top-level files
Result: NOTE
    ‘cleanup’: /bin/bash is not portable
Flavors: r-devel-linux-x86_64-fedora-clang, r-devel-linux-x86_64-fedora-gcc