CRAN Package Check Results for Package AbSim

Last updated on 2020-07-12 18:49:45 CEST.

Flavor Version Tinstall Tcheck Ttotal Status Flags
r-devel-linux-x86_64-debian-clang 0.2.6 5.45 39.38 44.83 OK
r-devel-linux-x86_64-debian-gcc 0.2.6 4.03 30.95 34.98 OK
r-devel-linux-x86_64-fedora-clang 0.2.6 67.79 OK
r-devel-linux-x86_64-fedora-gcc 0.2.6 51.89 OK
r-devel-windows-ix86+x86_64 0.2.6 14.00 61.00 75.00 OK
r-patched-linux-x86_64 0.2.6 5.44 39.32 44.76 OK
r-patched-solaris-x86 0.2.6 77.10 OK
r-release-linux-x86_64 0.2.6 5.18 38.96 44.14 OK
r-release-macos-x86_64 0.2.6 OK
r-release-windows-ix86+x86_64 0.2.6 14.00 76.00 90.00 WARN
r-oldrel-macos-x86_64 0.2.6 OK
r-oldrel-windows-ix86+x86_64 0.2.6 12.00 49.00 61.00 OK

Check Details

Version: 0.2.6
Check: re-building of vignette outputs
Result: WARN
    Error(s) in re-building vignettes:
    --- re-building 'vignette.Rmd' using rmarkdown
    Quitting from lines 78-85 (vignette.Rmd)
    Error: processing vignette 'vignette.Rmd' failed with diagnostics:
    subscript out of bounds
    --- failed re-building 'vignette.Rmd'
    
    SUMMARY: processing the following file failed:
     'vignette.Rmd'
    
    Error: Vignette re-building failed.
    Execution halted
Flavor: r-release-windows-ix86+x86_64