CRAN Package Check Results for Package AlphaSimR

Last updated on 2020-05-26 01:57:42 CEST.

Flavor Version Tinstall Tcheck Ttotal Status Flags
r-devel-linux-x86_64-debian-clang 0.12.2 274.21 75.88 350.09 OK
r-devel-linux-x86_64-debian-gcc 0.12.2 215.57 60.99 276.56 OK
r-devel-linux-x86_64-fedora-clang 0.12.2 482.19 NOTE
r-devel-linux-x86_64-fedora-gcc 0.12.2 456.99 OK
r-devel-windows-ix86+x86_64 0.12.2 633.00 166.00 799.00 NOTE
r-patched-linux-x86_64 0.12.2 225.32 77.78 303.10 OK
r-patched-solaris-x86 0.12.2 363.90 OK
r-release-linux-x86_64 0.12.2 223.36 76.43 299.79 OK
r-release-osx-x86_64 0.12.2 NOTE
r-release-windows-ix86+x86_64 0.12.2 376.00 129.00 505.00 NOTE
r-oldrel-osx-x86_64 0.12.2 NOTE
r-oldrel-windows-ix86+x86_64 0.12.2 574.00 164.00 738.00 OK

Check Details

Version: 0.12.2
Check: installed package size
Result: NOTE
     installed size is 20.6Mb
     sub-directories of 1Mb or more:
     libs 19.6Mb
Flavors: r-devel-linux-x86_64-fedora-clang, r-devel-windows-ix86+x86_64, r-release-osx-x86_64, r-release-windows-ix86+x86_64, r-oldrel-osx-x86_64