CRAN Package Check Results for Package AlphaSimR

Last updated on 2019-10-14 01:46:18 CEST.

Flavor Version Tinstall Tcheck Ttotal Status Flags
r-devel-linux-x86_64-debian-clang 0.10.0 267.76 150.46 418.22 OK
r-devel-linux-x86_64-debian-gcc 0.11.0 194.90 57.26 252.16 OK
r-devel-linux-x86_64-fedora-clang 0.11.0 435.29 NOTE
r-devel-linux-x86_64-fedora-gcc 0.11.0 462.28 OK
r-devel-windows-ix86+x86_64 0.10.0 450.00 150.00 600.00 OK
r-patched-linux-x86_64 0.10.0 206.59 148.20 354.79 OK
r-patched-solaris-x86 0.11.0 356.50 OK
r-release-linux-x86_64 0.11.0 207.62 69.40 277.02 OK
r-release-windows-ix86+x86_64 0.10.0 613.00 187.00 800.00 OK
r-release-osx-x86_64 0.11.0 NOTE
r-oldrel-windows-ix86+x86_64 0.10.0 408.00 143.00 551.00 OK
r-oldrel-osx-x86_64 0.11.0 NOTE

Check Details

Version: 0.11.0
Check: installed package size
Result: NOTE
     installed size is 18.4Mb
     sub-directories of 1Mb or more:
     libs 17.4Mb
Flavors: r-devel-linux-x86_64-fedora-clang, r-release-osx-x86_64, r-oldrel-osx-x86_64