CRAN Package Check Results for Package AmpliconDuo

Last updated on 2019-10-17 02:47:17 CEST.

Flavor Version Tinstall Tcheck Ttotal Status Flags
r-devel-linux-x86_64-debian-clang 1.1 4.26 73.18 77.44 NOTE
r-devel-linux-x86_64-debian-gcc 1.1 3.27 55.40 58.67 NOTE
r-devel-linux-x86_64-fedora-clang 1.1 93.07 NOTE
r-devel-linux-x86_64-fedora-gcc 1.1 90.53 NOTE
r-devel-windows-ix86+x86_64 1.1 20.00 128.00 148.00 OK
r-patched-linux-x86_64 1.1 3.35 71.44 74.79 OK
r-patched-solaris-x86 1.1 143.20 OK
r-release-linux-x86_64 1.1 3.94 71.31 75.25 OK
r-release-windows-ix86+x86_64 1.1 13.00 138.00 151.00 OK
r-release-osx-x86_64 1.1 OK
r-oldrel-windows-ix86+x86_64 1.1 7.00 81.00 88.00 OK
r-oldrel-osx-x86_64 1.1 OK

Check Details

Version: 1.1
Check: for non-standard things in the check directory
Result: NOTE
    Found the following files/directories:
     'ORdensity_2019-10-15.jpeg' 'discordanceDelta_2019-10-15.txt'
Flavor: r-devel-linux-x86_64-debian-clang

Version: 1.1
Check: for non-standard things in the check directory
Result: NOTE
    Found the following files/directories:
     ‘ORdensity_2019-10-16.jpeg’ ‘discordanceDelta_2019-10-16.txt’
Flavor: r-devel-linux-x86_64-debian-gcc

Version: 1.1
Check: for non-standard things in the check directory
Result: NOTE
    Found the following files/directories:
     ‘ORdensity_2019-10-12.jpeg’ ‘discordanceDelta_2019-10-12.txt’
Flavor: r-devel-linux-x86_64-fedora-clang

Version: 1.1
Check: for non-standard things in the check directory
Result: NOTE
    Found the following files/directories:
     ‘ORdensity_2019-10-13.jpeg’ ‘discordanceDelta_2019-10-13.txt’
Flavor: r-devel-linux-x86_64-fedora-gcc