CRAN Package Check Results for Package AntWeb

Last updated on 2020-06-03 01:50:39 CEST.

Flavor Version Tinstall Tcheck Ttotal Status Flags
r-devel-linux-x86_64-debian-clang 0.7 3.22 26.55 29.77 NOTE
r-devel-linux-x86_64-debian-gcc 0.7 2.51 21.18 23.69 NOTE
r-devel-linux-x86_64-fedora-clang 0.7 44.37 NOTE
r-devel-linux-x86_64-fedora-gcc 0.7 35.44 NOTE
r-devel-windows-ix86+x86_64 0.7 11.00 51.00 62.00 NOTE
r-patched-linux-x86_64 0.7 3.26 26.61 29.87 NOTE
r-patched-solaris-x86 0.7 56.90 NOTE
r-release-linux-x86_64 0.7 3.06 26.79 29.85 NOTE
r-release-osx-x86_64 0.7 NOTE
r-release-windows-ix86+x86_64 0.7 7.00 52.00 59.00 NOTE
r-oldrel-osx-x86_64 0.7 NOTE
r-oldrel-windows-ix86+x86_64 0.7 6.00 42.00 48.00 NOTE

Check Details

Version: 0.7
Check: R code for possible problems
Result: NOTE
    aw_map: no visible global function definition for 'browseURL'
    Undefined global functions or variables:
     browseURL
    Consider adding
     importFrom("utils", "browseURL")
    to your NAMESPACE file.
Flavors: r-devel-linux-x86_64-debian-clang, r-devel-linux-x86_64-debian-gcc, r-devel-linux-x86_64-fedora-clang, r-devel-linux-x86_64-fedora-gcc, r-devel-windows-ix86+x86_64, r-patched-linux-x86_64, r-patched-solaris-x86, r-release-linux-x86_64, r-release-osx-x86_64, r-release-windows-ix86+x86_64, r-oldrel-osx-x86_64, r-oldrel-windows-ix86+x86_64