CRAN Package Check Results for Package Anthropometry

Last updated on 2019-10-19 01:50:07 CEST.

Flavor Version Tinstall Tcheck Ttotal Status Flags
r-devel-linux-x86_64-debian-clang 1.12 12.45 109.31 121.76 NOTE
r-devel-linux-x86_64-debian-gcc 1.12 10.48 84.66 95.14 NOTE
r-devel-linux-x86_64-fedora-clang 1.12 149.74 NOTE
r-devel-linux-x86_64-fedora-gcc 1.12 143.94 NOTE
r-devel-windows-ix86+x86_64 1.12 53.00 167.00 220.00 OK
r-patched-linux-x86_64 1.12 12.05 106.79 118.84 OK
r-patched-solaris-x86 1.12 190.70 OK
r-release-linux-x86_64 1.12 12.40 107.84 120.24 OK
r-release-windows-ix86+x86_64 1.12 30.00 165.00 195.00 OK
r-release-osx-x86_64 1.12 OK
r-oldrel-windows-ix86+x86_64 1.12 21.00 159.00 180.00 OK
r-oldrel-osx-x86_64 1.12 OK

Check Details

Version: 1.12
Check: for non-standard things in the check directory
Result: NOTE
    Found the following files/directories:
     'res1.RData' 'res2.RData' 'res_alpha1.RData' 'res_alpha2.RData'
     'res_beta1.RData' 'res_beta2.RData' 'res_ns1.RData' 'res_ns2.RData'
Flavors: r-devel-linux-x86_64-debian-clang, r-devel-linux-x86_64-debian-gcc, r-devel-linux-x86_64-fedora-clang, r-devel-linux-x86_64-fedora-gcc