CRAN Package Check Results for Package Anthropometry

Last updated on 2020-05-28 01:53:11 CEST.

Flavor Version Tinstall Tcheck Ttotal Status Flags
r-devel-linux-x86_64-debian-clang 1.14 17.88 123.27 141.15 OK
r-devel-linux-x86_64-debian-gcc 1.14 10.94 93.88 104.82 OK
r-devel-linux-x86_64-fedora-clang 1.14 170.40 OK
r-devel-linux-x86_64-fedora-gcc 1.14 162.28 OK
r-devel-windows-ix86+x86_64 1.14 43.00 253.00 296.00 OK
r-patched-linux-x86_64 1.14 15.42 122.61 138.03 OK
r-patched-solaris-x86 1.14 218.40 OK
r-release-linux-x86_64 1.14 16.26 122.01 138.27 OK
r-release-osx-x86_64 1.14 OK
r-release-windows-ix86+x86_64 1.14 37.00 272.00 309.00 OK
r-oldrel-osx-x86_64 1.14 WARN
r-oldrel-windows-ix86+x86_64 1.14 27.00 181.00 208.00 OK

Check Details

Version: 1.14
Check: whether package can be installed
Result: WARN
    Found the following significant warnings:
     Warning: 'rgl.init' failed, running with 'rgl.useNULL = TRUE'.
Flavor: r-oldrel-osx-x86_64