CRAN Package Check Results for Package BAMBI

Last updated on 2019-10-22 01:49:21 CEST.

Flavor Version Tinstall Tcheck Ttotal Status Flags
r-devel-linux-x86_64-debian-clang 2.1.0 106.63 107.25 213.88 OK
r-devel-linux-x86_64-debian-gcc 2.1.0 77.45 83.85 161.30 OK
r-devel-linux-x86_64-fedora-clang 2.1.0 279.33 OK
r-devel-linux-x86_64-fedora-gcc 2.1.0 272.55 OK
r-devel-windows-ix86+x86_64 2.1.0 201.00 159.00 360.00 OK
r-patched-linux-x86_64 2.1.0 86.69 105.17 191.86 OK
r-patched-solaris-x86 2.1.0 295.20 OK
r-release-linux-x86_64 2.1.0 89.14 106.00 195.14 OK
r-release-windows-ix86+x86_64 2.1.0 258.00 171.00 429.00 OK
r-release-osx-x86_64 2.1.0 FAIL
r-oldrel-windows-ix86+x86_64 2.1.0 185.00 139.00 324.00 OK
r-oldrel-osx-x86_64 2.1.0 OK

Check Details

Version: 2.1.0
Check: dependencies in R code
Result: FAIL
    
Flavor: r-release-osx-x86_64