CRAN Package Check Results for Package BAMBI

Last updated on 2020-06-07 01:48:07 CEST.

Flavor Version Tinstall Tcheck Ttotal Status Flags
r-devel-linux-x86_64-debian-clang 2.2.0 111.33 119.81 231.14 OK
r-devel-linux-x86_64-debian-gcc 2.2.0 89.35 91.52 180.87 OK
r-devel-linux-x86_64-fedora-clang 2.2.0 318.44 OK
r-devel-linux-x86_64-fedora-gcc 2.2.0 292.38 OK
r-devel-windows-ix86+x86_64 2.2.0 286.00 234.00 520.00 ERROR
r-patched-linux-x86_64 2.2.0 98.60 118.47 217.07 OK
r-patched-solaris-x86 2.2.0 324.80 OK
r-release-linux-x86_64 2.2.0 96.12 119.68 215.80 OK
r-release-osx-x86_64 2.2.0 OK
r-release-windows-ix86+x86_64 2.2.0 242.00 251.00 493.00 OK
r-oldrel-osx-x86_64 2.2.0 NOTE
r-oldrel-windows-ix86+x86_64 2.2.0 253.00 222.00 475.00 OK

Check Details

Version: 2.2.0
Check: running examples for arch ‘x64’
Result: ERROR
    Running examples in 'BAMBI-Ex.R' failed
    The error most likely occurred in:
    
    > ### Name: DIC
    > ### Title: Deviance Information Criterion (DIC) for angmcmc objects
    > ### Aliases: DIC
    >
    > ### ** Examples
    >
    > # illustration only - more iterations needed for convergence
    > fit.vmsin.20 <- fit_vmsinmix(tim8, ncomp = 3, n.iter = 20,
    + n.chains = 1)
Flavor: r-devel-windows-ix86+x86_64

Version: 2.2.0
Check: dependencies in R code
Result: NOTE
    No protocol specified
    No protocol specified
Flavor: r-oldrel-osx-x86_64