CRAN Package Check Results for Package BCEA

Last updated on 2019-10-22 01:49:22 CEST.

Flavor Version Tinstall Tcheck Ttotal Status Flags
r-devel-linux-x86_64-debian-clang 2.3-1.1 7.76 77.35 85.11 NOTE
r-devel-linux-x86_64-debian-gcc 2.3-1.1 7.74 56.59 64.33 NOTE
r-devel-linux-x86_64-fedora-clang 2.3-1.1 100.64 OK
r-devel-linux-x86_64-fedora-gcc 2.3-1.1 95.76 OK
r-devel-windows-ix86+x86_64 2.3-1.1 14.00 72.00 86.00 OK
r-patched-linux-x86_64 2.3-1.1 7.12 73.48 80.60 NOTE
r-patched-solaris-x86 2.3-1.1 135.70 NOTE
r-release-linux-x86_64 2.3-1.1 7.83 73.16 80.99 NOTE
r-release-windows-ix86+x86_64 2.3-1.1 19.00 81.00 100.00 OK
r-release-osx-x86_64 2.3-1.1 NOTE
r-oldrel-windows-ix86+x86_64 2.3-1.1 9.00 73.00 82.00 OK
r-oldrel-osx-x86_64 2.3-1.1 NOTE

Check Details

Version: 2.3-1.1
Check: package dependencies
Result: NOTE
    Package suggested but not available for checking: 'INLA'
Flavors: r-devel-linux-x86_64-debian-clang, r-devel-linux-x86_64-debian-gcc, r-patched-linux-x86_64, r-patched-solaris-x86, r-release-linux-x86_64, r-release-osx-x86_64, r-oldrel-osx-x86_64