CRAN Package Check Results for Package BCEA

Last updated on 2020-06-01 01:50:50 CEST.

Flavor Version Tinstall Tcheck Ttotal Status Flags
r-devel-linux-x86_64-debian-clang 2.3-1.1 10.73 84.21 94.94 NOTE
r-devel-linux-x86_64-debian-gcc 2.3-1.1 8.53 62.21 70.74 NOTE
r-devel-linux-x86_64-fedora-clang 2.3-1.1 120.10 OK
r-devel-linux-x86_64-fedora-gcc 2.3-1.1 113.62 OK
r-devel-windows-ix86+x86_64 2.3-1.1 20.00 116.00 136.00 OK
r-patched-linux-x86_64 2.3-1.1 9.98 83.19 93.17 NOTE
r-patched-solaris-x86 2.3-1.1 150.10 NOTE
r-release-linux-x86_64 2.3-1.1 9.51 82.32 91.83 NOTE
r-release-osx-x86_64 2.3-1.1 NOTE
r-release-windows-ix86+x86_64 2.3-1.1 14.00 83.00 97.00 OK
r-oldrel-osx-x86_64 2.3-1.1 NOTE
r-oldrel-windows-ix86+x86_64 2.3-1.1 14.00 85.00 99.00 OK

Check Details

Version: 2.3-1.1
Check: package dependencies
Result: NOTE
    Package suggested but not available for checking: 'INLA'
Flavors: r-devel-linux-x86_64-debian-clang, r-devel-linux-x86_64-debian-gcc, r-patched-linux-x86_64, r-patched-solaris-x86, r-release-linux-x86_64, r-release-osx-x86_64, r-oldrel-osx-x86_64