CRAN Package Check Results for Package BIEN

Last updated on 2019-10-17 02:47:18 CEST.

Flavor Version Tinstall Tcheck Ttotal Status Flags
r-devel-linux-x86_64-debian-clang 1.2.3 5.49 38.61 44.10 OK --no-examples --no-tests --no-vignettes
r-devel-linux-x86_64-debian-gcc 1.2.3 4.67 30.75 35.42 OK --no-examples --no-tests --no-vignettes
r-devel-linux-x86_64-fedora-clang 1.2.3 53.80 OK --no-tests --no-vignettes
r-devel-linux-x86_64-fedora-gcc 1.2.3 55.62 OK --no-tests --no-vignettes
r-devel-windows-ix86+x86_64 1.2.3 18.00 59.00 77.00 OK --no-examples --no-tests --no-vignettes
r-patched-linux-x86_64 1.2.3 5.23 38.30 43.53 OK --no-examples --no-tests --no-vignettes
r-patched-solaris-x86 1.2.3 75.80 OK --no-tests --no-vignettes
r-release-linux-x86_64 1.2.3 5.89 38.26 44.15 OK --no-examples --no-tests --no-vignettes
r-release-windows-ix86+x86_64 1.2.3 11.00 90.00 101.00 OK --no-examples --no-tests --no-vignettes
r-release-osx-x86_64 1.2.3 OK
r-oldrel-windows-ix86+x86_64 1.2.3 6.00 81.00 87.00 OK --no-examples --no-tests --no-vignettes
r-oldrel-osx-x86_64 1.2.3 OK

Check Details

Version: 1.2.3
Check: tests
Result: FAIL
    
Flavor: r-release-osx-x86_64