CRAN Package Check Results for Package BIS

Last updated on 2020-03-29 01:48:48 CET.

Flavor Version Tinstall Tcheck Ttotal Status Flags
r-devel-linux-x86_64-debian-clang 0.2.1 NOTE
r-devel-linux-x86_64-debian-gcc 0.2.1 1.64 20.68 22.32 NOTE
r-devel-linux-x86_64-fedora-clang 0.2.1 36.49 OK
r-devel-linux-x86_64-fedora-gcc 0.2.1 32.96 OK
r-devel-windows-ix86+x86_64 0.2.1 7.00 40.00 47.00 NOTE
r-devel-windows-ix86+x86_64-gcc8 0.2.1 6.00 38.00 44.00 NOTE
r-patched-linux-x86_64 0.2.1 1.86 25.28 27.14 NOTE
r-patched-solaris-x86 0.2.1 53.50 OK
r-release-linux-x86_64 0.2.1 1.50 23.76 25.26 OK
r-release-windows-ix86+x86_64 0.2.1 10.00 66.00 76.00 OK
r-release-osx-x86_64 0.2.1 OK
r-oldrel-windows-ix86+x86_64 0.2.1 4.00 59.00 63.00 OK
r-oldrel-osx-x86_64 0.2.1 OK

Check Details

Version: 0.2.1
Check: package vignettes
Result: NOTE
    Package vignette with placeholder title 'Vignette Title':
     'BIS.Rmd'
Flavors: r-devel-linux-x86_64-debian-clang, r-devel-linux-x86_64-debian-gcc, r-devel-windows-ix86+x86_64, r-devel-windows-ix86+x86_64-gcc8, r-patched-linux-x86_64