CRAN Package Check Results for Package BNPmix

Last updated on 2019-10-19 01:50:08 CEST.

Flavor Version Tinstall Tcheck Ttotal Status Flags
r-devel-linux-x86_64-debian-clang 0.2.3 225.54 47.75 273.29 OK
r-devel-linux-x86_64-debian-gcc 0.2.3 165.47 36.60 202.07 OK
r-devel-linux-x86_64-fedora-clang 0.2.3 387.71 NOTE
r-devel-linux-x86_64-fedora-gcc 0.2.3 381.10 OK
r-devel-windows-ix86+x86_64 0.2.3 506.00 142.00 648.00 OK
r-patched-linux-x86_64 0.2.3 176.78 45.75 222.53 OK
r-patched-solaris-x86 0.2.3 280.00 OK
r-release-linux-x86_64 0.2.3 175.87 46.50 222.37 OK
r-release-windows-ix86+x86_64 0.2.3 352.00 89.00 441.00 OK
r-release-osx-x86_64 0.2.3 NOTE
r-oldrel-windows-ix86+x86_64 0.2.3 372.00 90.00 462.00 OK
r-oldrel-osx-x86_64 0.2.3 NOTE

Check Details

Version: 0.2.3
Check: installed package size
Result: NOTE
     installed size is 15.6Mb
     sub-directories of 1Mb or more:
     libs 15.3Mb
Flavors: r-devel-linux-x86_64-fedora-clang, r-release-osx-x86_64, r-oldrel-osx-x86_64