CRAN Package Check Results for Package BNPmix

Last updated on 2020-06-03 01:50:41 CEST.

Flavor Version Tinstall Tcheck Ttotal Status Flags
r-devel-linux-x86_64-debian-clang 0.2.5 240.96 55.89 296.85 OK
r-devel-linux-x86_64-debian-gcc 0.2.5 184.07 41.82 225.89 OK
r-devel-linux-x86_64-fedora-clang 0.2.5 444.09 NOTE
r-devel-linux-x86_64-fedora-gcc 0.2.5 381.26 OK
r-devel-windows-ix86+x86_64 0.2.5 564.00 154.00 718.00 OK
r-patched-linux-x86_64 0.2.5 189.45 54.98 244.43 OK
r-patched-solaris-x86 0.2.5 342.30 OK
r-release-linux-x86_64 0.2.5 189.79 54.57 244.36 OK
r-release-osx-x86_64 0.2.5 NOTE
r-release-windows-ix86+x86_64 0.2.5 422.00 227.00 649.00 OK
r-oldrel-osx-x86_64 0.2.5 NOTE
r-oldrel-windows-ix86+x86_64 0.2.5 411.00 101.00 512.00 OK

Check Details

Version: 0.2.5
Check: installed package size
Result: NOTE
     installed size is 17.8Mb
     sub-directories of 1Mb or more:
     libs 17.5Mb
Flavors: r-devel-linux-x86_64-fedora-clang, r-release-osx-x86_64, r-oldrel-osx-x86_64