CRAN Package Check Results for Package BSGS

Last updated on 2019-10-16 05:46:57 CEST.

Flavor Version Tinstall Tcheck Ttotal Status Flags
r-devel-linux-x86_64-debian-clang 2.0 3.17 27.48 30.65 NOTE
r-devel-linux-x86_64-debian-gcc 2.0 2.81 22.34 25.15 NOTE
r-devel-linux-x86_64-fedora-clang 2.0 37.83 NOTE
r-devel-linux-x86_64-fedora-gcc 2.0 38.21 NOTE
r-devel-windows-ix86+x86_64 2.0 10.00 57.00 67.00 NOTE
r-patched-linux-x86_64 2.0 2.60 27.04 29.64 NOTE
r-patched-solaris-x86 2.0 59.40 NOTE
r-release-linux-x86_64 2.0 3.02 27.02 30.04 NOTE
r-release-windows-ix86+x86_64 2.0 6.00 67.00 73.00 NOTE
r-release-osx-x86_64 2.0 NOTE
r-oldrel-windows-ix86+x86_64 2.0 3.00 42.00 45.00 NOTE
r-oldrel-osx-x86_64 2.0 NOTE

Check Details

Version: 2.0
Check: R code for possible problems
Result: NOTE
    BSGS.Sample: no visible global function definition for 'rgamma'
    BSGS.Simple: no visible global function definition for 'rgamma'
    CompWiseGibbs: no visible global function definition for 'runif'
    CompWiseGibbs: no visible global function definition for 'rnorm'
    CompWiseGibbsSMP: no visible global function definition for 'rbinom'
    CompWiseGibbsSMP: no visible global function definition for 'runif'
    CompWiseGibbsSMP: no visible global function definition for 'rnorm'
    CompWiseGibbsSimple: no visible global function definition for 'runif'
    CompWiseGibbsSimple: no visible global function definition for 'rnorm'
    CompWiseGibbsSimple: no visible global function definition for 'rgamma'
    GroupMH: no visible global function definition for 'runif'
    GroupZ.MH: no visible global function definition for 'runif'
    Undefined global functions or variables:
     rbinom rgamma rnorm runif
    Consider adding
     importFrom("stats", "rbinom", "rgamma", "rnorm", "runif")
    to your NAMESPACE file.
Flavors: r-devel-linux-x86_64-debian-clang, r-devel-linux-x86_64-debian-gcc, r-devel-linux-x86_64-fedora-clang, r-devel-linux-x86_64-fedora-gcc, r-devel-windows-ix86+x86_64, r-patched-linux-x86_64, r-patched-solaris-x86, r-release-linux-x86_64, r-release-windows-ix86+x86_64, r-release-osx-x86_64, r-oldrel-windows-ix86+x86_64, r-oldrel-osx-x86_64