CRAN Package Check Results for Package BivRec

Last updated on 2019-10-21 05:46:55 CEST.

Flavor Version Tinstall Tcheck Ttotal Status Flags
r-devel-linux-x86_64-debian-clang 1.0.0 9.83 64.65 74.48 OK
r-devel-linux-x86_64-debian-gcc 1.0.0 8.43 49.83 58.26 OK
r-devel-linux-x86_64-fedora-clang 1.0.0 89.67 NOTE
r-devel-linux-x86_64-fedora-gcc 1.0.0 87.37 NOTE
r-devel-windows-ix86+x86_64 1.0.0 20.00 89.00 109.00 OK
r-patched-linux-x86_64 1.0.0 10.45 62.09 72.54 OK
r-patched-solaris-x86 1.0.0 131.40 NOTE
r-release-linux-x86_64 1.0.0 8.45 63.51 71.96 OK
r-release-windows-ix86+x86_64 1.0.0 29.00 91.00 120.00 OK
r-release-osx-x86_64 1.0.0 NOTE
r-oldrel-windows-ix86+x86_64 1.0.0 15.00 86.00 101.00 OK
r-oldrel-osx-x86_64 1.0.0 NOTE

Check Details

Version: 1.0.0
Check: dependencies in R code
Result: NOTE
    Namespaces in Imports field not imported from:
     ‘Rcpp’ ‘knitr’ ‘rmarkdown’
     All declared Imports should be used.
Flavors: r-devel-linux-x86_64-fedora-clang, r-devel-linux-x86_64-fedora-gcc, r-patched-solaris-x86, r-release-osx-x86_64, r-oldrel-osx-x86_64