CRAN Package Check Results for Package BoSSA

Last updated on 2019-10-18 01:46:21 CEST.

Flavor Version Tinstall Tcheck Ttotal Status Flags
r-devel-linux-x86_64-debian-clang 3.6 10.21 142.44 152.65 NOTE
r-devel-linux-x86_64-debian-gcc 3.6 7.94 105.33 113.27 NOTE
r-devel-linux-x86_64-fedora-clang 3.6 179.57 NOTE
r-devel-linux-x86_64-fedora-gcc 3.6 172.95 NOTE
r-devel-windows-ix86+x86_64 3.6 27.00 249.00 276.00 OK
r-patched-linux-x86_64 3.6 9.54 134.94 144.48 OK
r-patched-solaris-x86 3.6 244.00 OK
r-release-linux-x86_64 3.6 10.00 135.08 145.08 OK
r-release-windows-ix86+x86_64 3.6 18.00 189.00 207.00 OK
r-release-osx-x86_64 3.6 OK
r-oldrel-windows-ix86+x86_64 3.6 13.00 169.00 182.00 OK
r-oldrel-osx-x86_64 3.6 OK

Check Details

Version: 3.6
Check: for non-standard things in the check directory
Result: NOTE
    Found the following files/directories:
     'for_krona.txt' 'test.jplace'
Flavors: r-devel-linux-x86_64-debian-clang, r-devel-linux-x86_64-debian-gcc, r-devel-linux-x86_64-fedora-clang, r-devel-linux-x86_64-fedora-gcc