CRAN Package Check Results for Package Boom

Last updated on 2020-06-05 01:49:57 CEST.

Flavor Version Tinstall Tcheck Ttotal Status Flags
r-devel-linux-x86_64-debian-clang 0.9.6 1889.97 38.84 1928.81 WARN
r-devel-linux-x86_64-debian-gcc 0.9.6 1284.66 38.66 1323.32 NOTE
r-devel-linux-x86_64-fedora-clang 0.9.6 2628.15 WARN
r-devel-linux-x86_64-fedora-gcc 0.9.6 2242.39 NOTE
r-devel-windows-ix86+x86_64 0.9.6 3882.00 75.00 3957.00 NOTE
r-patched-linux-x86_64 0.9.6 1602.75 49.03 1651.78 NOTE
r-release-linux-x86_64 0.9.6 1605.01 48.61 1653.62 NOTE
r-release-osx-x86_64 0.9.6 WARN
r-release-windows-ix86+x86_64 0.9.6 3205.00 68.00 3273.00 NOTE
r-oldrel-osx-x86_64 0.9.6 NOTE
r-oldrel-windows-ix86+x86_64 0.9.6 696.00 53.00 749.00 NOTE

Additional issues

clang11

Check Details

Version: 0.9.6
Check: whether package can be installed
Result: WARN
    Found the following significant warnings:
     ../inst/include/Models/StateSpace/DynamicRegression.hpp:311:60: warning: 'dat' overrides a member function but is not marked 'override' [-Winconsistent-missing-override]
     ../inst/include/Models/StateSpace/DynamicRegression.hpp:312:66: warning: 'dat' overrides a member function but is not marked 'override' [-Winconsistent-missing-override]
Flavors: r-devel-linux-x86_64-debian-clang, r-devel-linux-x86_64-fedora-clang, r-release-osx-x86_64

Version: 0.9.6
Check: for GNU extensions in Makefiles
Result: NOTE
    GNU make is a SystemRequirements.
Flavors: r-devel-linux-x86_64-debian-clang, r-devel-linux-x86_64-debian-gcc, r-devel-linux-x86_64-fedora-clang, r-devel-linux-x86_64-fedora-gcc, r-devel-windows-ix86+x86_64, r-patched-linux-x86_64, r-release-linux-x86_64, r-release-osx-x86_64, r-release-windows-ix86+x86_64, r-oldrel-osx-x86_64, r-oldrel-windows-ix86+x86_64

Version: 0.9.6
Check: installed package size
Result: NOTE
     installed size is 372.9Mb
     sub-directories of 1Mb or more:
     include 8.8Mb
     lib 363.7Mb
Flavors: r-devel-linux-x86_64-fedora-clang, r-devel-windows-ix86+x86_64, r-release-osx-x86_64, r-release-windows-ix86+x86_64, r-oldrel-osx-x86_64, r-oldrel-windows-ix86+x86_64