CRAN Package Check Results for Package Boom

Last updated on 2019-10-22 01:49:22 CEST.

Flavor Version Tinstall Tcheck Ttotal Status Flags
r-devel-linux-x86_64-debian-clang 0.9.3 1752.38 35.47 1787.85 NOTE
r-devel-linux-x86_64-debian-gcc 0.9.3 1241.11 35.64 1276.75 NOTE
r-devel-linux-x86_64-fedora-clang 0.9.3 2414.40 NOTE
r-devel-linux-x86_64-fedora-gcc 0.9.3 2191.14 NOTE
r-devel-windows-ix86+x86_64 0.9.3 709.00 53.00 762.00 NOTE
r-patched-linux-x86_64 0.9.3 1522.23 42.76 1564.99 NOTE
r-release-linux-x86_64 0.9.3 1518.64 42.37 1561.01 NOTE
r-release-windows-ix86+x86_64 0.9.3 720.00 59.00 779.00 NOTE
r-release-osx-x86_64 0.9.3 NOTE
r-oldrel-windows-ix86+x86_64 0.9.3 568.00 45.00 613.00 NOTE
r-oldrel-osx-x86_64 0.9.3 NOTE

Check Details

Version: 0.9.3
Check: for GNU extensions in Makefiles
Result: NOTE
    GNU make is a SystemRequirements.
Flavors: r-devel-linux-x86_64-debian-clang, r-devel-linux-x86_64-debian-gcc, r-devel-linux-x86_64-fedora-clang, r-devel-linux-x86_64-fedora-gcc, r-devel-windows-ix86+x86_64, r-patched-linux-x86_64, r-release-linux-x86_64, r-release-windows-ix86+x86_64, r-release-osx-x86_64, r-oldrel-windows-ix86+x86_64, r-oldrel-osx-x86_64

Version: 0.9.3
Check: installed package size
Result: NOTE
     installed size is 393.0Mb
     sub-directories of 1Mb or more:
     include 8.8Mb
     lib 383.8Mb
Flavors: r-devel-linux-x86_64-fedora-clang, r-devel-windows-ix86+x86_64, r-release-windows-ix86+x86_64, r-release-osx-x86_64, r-oldrel-windows-ix86+x86_64, r-oldrel-osx-x86_64