CRAN Package Check Results for Package CINNA

Last updated on 2020-05-24 01:47:54 CEST.

Flavor Version Tinstall Tcheck Ttotal Status Flags
r-devel-linux-x86_64-debian-clang 1.1.53 16.22 137.41 153.63 OK
r-devel-linux-x86_64-debian-gcc 1.1.53 12.99 104.81 117.80 OK
r-devel-linux-x86_64-fedora-clang 1.1.53 193.67 NOTE
r-devel-linux-x86_64-fedora-gcc 1.1.53 177.25 NOTE
r-devel-windows-ix86+x86_64 1.1.53 51.00 197.00 248.00 OK
r-patched-linux-x86_64 1.1.53 15.15 136.61 151.76 OK
r-patched-solaris-x86 1.1.53 266.50 NOTE
r-release-linux-x86_64 1.1.53 16.60 135.71 152.31 OK
r-release-osx-x86_64 1.1.53 NOTE
r-release-windows-ix86+x86_64 1.1.53 42.00 188.00 230.00 OK
r-oldrel-osx-x86_64 1.1.53 NOTE
r-oldrel-windows-ix86+x86_64 1.1.53 27.00 148.00 175.00 OK

Check Details

Version: 1.1.53
Check: dependencies in R code
Result: NOTE
    Namespace in Imports field not imported from: ‘circlize’
     All declared Imports should be used.
Flavors: r-devel-linux-x86_64-fedora-clang, r-devel-linux-x86_64-fedora-gcc, r-patched-solaris-x86, r-release-osx-x86_64, r-oldrel-osx-x86_64