CRAN Package Check Results for Package CRANsearcher

Last updated on 2020-05-24 01:47:55 CEST.

Flavor Version Tinstall Tcheck Ttotal Status Flags
r-devel-linux-x86_64-debian-clang 1.0.0 6.17 45.38 51.55 OK
r-devel-linux-x86_64-debian-gcc 1.0.0 5.71 34.67 40.38 OK
r-devel-linux-x86_64-fedora-clang 1.0.0 65.40 NOTE
r-devel-linux-x86_64-fedora-gcc 1.0.0 60.60 NOTE
r-devel-windows-ix86+x86_64 1.0.0 28.00 79.00 107.00 OK
r-patched-linux-x86_64 1.0.0 6.52 44.90 51.42 OK
r-patched-solaris-x86 1.0.0 99.50 NOTE
r-release-linux-x86_64 1.0.0 6.53 43.41 49.94 OK
r-release-osx-x86_64 1.0.0 NOTE
r-release-windows-ix86+x86_64 1.0.0 24.00 78.00 102.00 OK
r-oldrel-osx-x86_64 1.0.0 NOTE
r-oldrel-windows-ix86+x86_64 1.0.0 14.00 91.00 105.00 OK

Check Details

Version: 1.0.0
Check: data for non-ASCII characters
Result: NOTE
     Note: found 11 marked Latin-1 strings
     Note: found 57 marked UTF-8 strings
Flavors: r-devel-linux-x86_64-fedora-clang, r-devel-linux-x86_64-fedora-gcc, r-patched-solaris-x86, r-release-osx-x86_64, r-oldrel-osx-x86_64