CRAN Package Check Results for Package ClinReport

Last updated on 2019-09-23 01:46:38 CEST.

Flavor Version Tinstall Tcheck Ttotal Status Flags
r-devel-linux-x86_64-debian-clang 0.9.1.14 12.64 176.27 188.91 OK
r-devel-linux-x86_64-debian-gcc 0.9.1.14 12.10 157.94 170.04 OK
r-devel-linux-x86_64-fedora-clang 0.9.1.14 198.94 NOTE
r-devel-linux-x86_64-fedora-gcc 0.9.1.14 190.36 NOTE
r-devel-windows-ix86+x86_64 0.9.1.14 36.00 214.00 250.00 OK
r-patched-linux-x86_64 0.9.1.14 11.63 165.68 177.31 OK
r-patched-solaris-x86 0.9.1.14 283.00 NOTE
r-release-linux-x86_64 0.9.1.14 13.18 166.08 179.26 OK
r-release-windows-ix86+x86_64 0.9.1.14 51.00 244.00 295.00 OK
r-release-osx-x86_64 0.9.1.14 NOTE
r-oldrel-windows-ix86+x86_64 0.9.1.14 16.00 128.00 144.00 OK
r-oldrel-osx-x86_64 0.9.1.14 NOTE

Check Details

Version: 0.9.1.14
Check: dependencies in R code
Result: NOTE
    Namespaces in Imports field not imported from:
     ‘car’ ‘emmeans’
     All declared Imports should be used.
Flavors: r-devel-linux-x86_64-fedora-clang, r-devel-linux-x86_64-fedora-gcc, r-patched-solaris-x86, r-release-osx-x86_64, r-oldrel-osx-x86_64