CRAN Package Check Results for Package ClustMMDD

Last updated on 2020-05-28 01:53:13 CEST.

Flavor Version Tinstall Tcheck Ttotal Status Flags
r-devel-linux-x86_64-debian-clang 1.0.4 38.89 52.24 91.13 OK
r-devel-linux-x86_64-debian-gcc 1.0.4 32.19 41.39 73.58 OK
r-devel-linux-x86_64-fedora-clang 1.0.4 128.44 NOTE
r-devel-linux-x86_64-fedora-gcc 1.0.4 121.50 NOTE
r-devel-windows-ix86+x86_64 1.0.4 81.00 121.00 202.00 OK
r-patched-linux-x86_64 1.0.4 36.24 53.16 89.40 OK
r-patched-solaris-x86 1.0.4 136.60 OK
r-release-linux-x86_64 1.0.4 36.13 52.89 89.02 OK
r-release-osx-x86_64 1.0.4 NOTE
r-release-windows-ix86+x86_64 1.0.4 78.00 133.00 211.00 OK
r-oldrel-osx-x86_64 1.0.4 NOTE
r-oldrel-windows-ix86+x86_64 1.0.4 110.00 93.00 203.00 OK

Check Details

Version: 1.0.4
Check: installed package size
Result: NOTE
     installed size is 6.1Mb
     sub-directories of 1Mb or more:
     libs 5.5Mb
Flavors: r-devel-linux-x86_64-fedora-clang, r-release-osx-x86_64, r-oldrel-osx-x86_64

Version: 1.0.4
Check: compiled code
Result: NOTE
    File ‘ClustMMDD/libs/ClustMMDD.so’:
     Found no calls to: ‘R_registerRoutines’, ‘R_useDynamicSymbols’
    
    It is good practice to register native routines and to disable symbol
    search.
    
    See ‘Writing portable packages’ in the ‘Writing R Extensions’ manual.
Flavors: r-devel-linux-x86_64-fedora-clang, r-devel-linux-x86_64-fedora-gcc