CRAN Package Check Results for Package ClustMMDD

Last updated on 2019-10-17 02:47:19 CEST.

Flavor Version Tinstall Tcheck Ttotal Status Flags
r-devel-linux-x86_64-debian-clang 1.0.4 35.87 46.71 82.58 OK
r-devel-linux-x86_64-debian-gcc 1.0.4 32.53 37.30 69.83 OK
r-devel-linux-x86_64-fedora-clang 1.0.4 114.05 NOTE
r-devel-linux-x86_64-fedora-gcc 1.0.4 114.37 NOTE
r-devel-windows-ix86+x86_64 1.0.4 92.00 85.00 177.00 OK
r-patched-linux-x86_64 1.0.4 33.57 47.24 80.81 OK
r-patched-solaris-x86 1.0.4 126.70 OK
r-release-linux-x86_64 1.0.4 30.56 47.02 77.58 OK
r-release-windows-ix86+x86_64 1.0.4 62.00 132.00 194.00 OK
r-release-osx-x86_64 1.0.4 NOTE
r-oldrel-windows-ix86+x86_64 1.0.4 57.00 83.00 140.00 OK
r-oldrel-osx-x86_64 1.0.4 NOTE

Check Details

Version: 1.0.4
Check: installed package size
Result: NOTE
     installed size is 5.4Mb
     sub-directories of 1Mb or more:
     libs 4.9Mb
Flavors: r-devel-linux-x86_64-fedora-clang, r-release-osx-x86_64, r-oldrel-osx-x86_64

Version: 1.0.4
Check: compiled code
Result: NOTE
    File ‘ClustMMDD/libs/ClustMMDD.so’:
     Found no calls to: ‘R_registerRoutines’, ‘R_useDynamicSymbols’
    
    It is good practice to register native routines and to disable symbol
    search.
    
    See ‘Writing portable packages’ in the ‘Writing R Extensions’ manual.
Flavors: r-devel-linux-x86_64-fedora-clang, r-devel-linux-x86_64-fedora-gcc