CRAN Package Check Results for Package CongreveLamsdell2016

Last updated on 2019-11-22 00:49:10 CET.

Flavor Version Tinstall Tcheck Ttotal Status Flags
r-devel-linux-x86_64-debian-clang 1.0.1 4.00 256.18 260.18 OK
r-devel-linux-x86_64-debian-gcc 1.0.1 3.41 199.83 203.24 OK
r-devel-linux-x86_64-fedora-clang 1.0.1 331.62 NOTE
r-devel-linux-x86_64-fedora-gcc 1.0.1 340.17 OK
r-devel-windows-ix86+x86_64 1.0.1 11.00 249.00 260.00 NOTE
r-devel-windows-ix86+x86_64-gcc8 1.0.1 11.00 209.00 220.00 NOTE
r-patched-linux-x86_64 1.0.1 3.75 250.15 253.90 OK
r-patched-solaris-x86 1.0.1 210.40 NOTE
r-release-linux-x86_64 1.0.1 3.96 251.05 255.01 OK
r-release-windows-ix86+x86_64 1.0.1 18.00 248.00 266.00 NOTE
r-release-osx-x86_64 1.0.1 NOTE
r-oldrel-windows-ix86+x86_64 1.0.1 6.00 228.00 234.00 NOTE
r-oldrel-osx-x86_64 1.0.1 NOTE

Check Details

Version: 1.0.1
Check: installed package size
Result: NOTE
     installed size is 5.4Mb
     sub-directories of 1Mb or more:
     doc 4.5Mb
Flavors: r-devel-linux-x86_64-fedora-clang, r-devel-windows-ix86+x86_64, r-devel-windows-ix86+x86_64-gcc8, r-patched-solaris-x86, r-release-windows-ix86+x86_64, r-release-osx-x86_64, r-oldrel-windows-ix86+x86_64, r-oldrel-osx-x86_64