CRAN Package Check Results for Package CrypticIBDcheck

Last updated on 2020-07-12 18:49:50 CEST.

Flavor Version Tinstall Tcheck Ttotal Status Flags
r-devel-linux-x86_64-debian-clang 0.3-3 13.78 117.51 131.29 OK
r-devel-linux-x86_64-debian-gcc 0.3-3 13.08 89.82 102.90 OK
r-devel-linux-x86_64-fedora-clang 0.3-3 177.65 OK
r-devel-linux-x86_64-fedora-gcc 0.3-3 162.04 OK
r-devel-windows-ix86+x86_64 0.3-3 33.00 210.00 243.00 OK
r-patched-linux-x86_64 0.3-3 13.10 114.80 127.90 OK
r-release-linux-x86_64 0.3-3 13.63 115.30 128.93 OK
r-release-macos-x86_64 0.3-3 ERROR
r-release-windows-ix86+x86_64 0.3-3 44.00 231.00 275.00 OK
r-oldrel-macos-x86_64 0.3-3 OK
r-oldrel-windows-ix86+x86_64 0.3-3 32.00 165.00 197.00 OK

Check Details

Version: 0.3-3
Check: package dependencies
Result: ERROR
    Packages required but not available: 'rJPSGCS', 'chopsticks'
    
    See section ‘The DESCRIPTION file’ in the ‘Writing R Extensions’
    manual.
Flavor: r-release-macos-x86_64