CRAN Package Check Results for Package D3GB

Last updated on 2019-10-19 01:50:10 CEST.

Flavor Version Tinstall Tcheck Ttotal Status Flags
r-devel-linux-x86_64-debian-clang 1.1 4.55 83.27 87.82 NOTE
r-devel-linux-x86_64-debian-gcc 1.1 3.65 62.75 66.40 NOTE
r-devel-linux-x86_64-fedora-clang 1.1 106.23 NOTE
r-devel-linux-x86_64-fedora-gcc 1.1 101.70 NOTE
r-devel-windows-ix86+x86_64 1.1 21.00 97.00 118.00 OK
r-patched-linux-x86_64 1.1 4.22 79.03 83.25 OK
r-patched-solaris-x86 1.1 147.40 OK
r-release-linux-x86_64 1.1 4.23 81.37 85.60 OK
r-release-windows-ix86+x86_64 1.1 9.00 89.00 98.00 OK
r-release-osx-x86_64 1.1 OK
r-oldrel-windows-ix86+x86_64 1.1 8.00 85.00 93.00 OK
r-oldrel-osx-x86_64 1.1 OK

Check Details

Version: 1.1
Check: for non-standard things in the check directory
Result: NOTE
    Found the following files/directories:
     'GRCh38_browser' 'GRCh38_map'
Flavors: r-devel-linux-x86_64-debian-clang, r-devel-linux-x86_64-debian-gcc, r-devel-linux-x86_64-fedora-clang, r-devel-linux-x86_64-fedora-gcc