CRAN Package Check Results for Package D3GB

Last updated on 2020-05-31 01:48:37 CEST.

Flavor Version Tinstall Tcheck Ttotal Status Flags
r-devel-linux-x86_64-debian-clang 1.1 5.40 90.08 95.48 NOTE
r-devel-linux-x86_64-debian-gcc 1.1 4.33 66.85 71.18 NOTE
r-devel-linux-x86_64-fedora-clang 1.1 117.32 NOTE
r-devel-linux-x86_64-fedora-gcc 1.1 111.15 NOTE
r-devel-windows-ix86+x86_64 1.1 18.00 150.00 168.00 OK
r-patched-linux-x86_64 1.1 5.12 90.29 95.41 NOTE
r-patched-solaris-x86 1.1 163.40 NOTE
r-release-linux-x86_64 1.1 5.74 89.57 95.31 NOTE
r-release-osx-x86_64 1.1 OK
r-release-windows-ix86+x86_64 1.1 11.00 91.00 102.00 OK
r-oldrel-osx-x86_64 1.1 OK
r-oldrel-windows-ix86+x86_64 1.1 10.00 95.00 105.00 OK

Check Details

Version: 1.1
Check: for non-standard things in the check directory
Result: NOTE
    Found the following files/directories:
     'GRCh38_browser' 'GRCh38_map'
Flavors: r-devel-linux-x86_64-debian-clang, r-devel-linux-x86_64-debian-gcc, r-devel-linux-x86_64-fedora-clang, r-devel-linux-x86_64-fedora-gcc, r-patched-linux-x86_64, r-patched-solaris-x86, r-release-linux-x86_64