CRAN Package Check Results for Package D3partitionR

Last updated on 2020-03-31 01:52:36 CEST.

Flavor Version Tinstall Tcheck Ttotal Status Flags
r-devel-linux-x86_64-debian-clang 0.5.0 4.27 31.37 35.64 OK
r-devel-linux-x86_64-debian-gcc 0.5.0 3.72 23.85 27.57 OK
r-devel-linux-x86_64-fedora-clang 0.5.0 42.16 NOTE
r-devel-linux-x86_64-fedora-gcc 0.5.0 42.33 NOTE
r-devel-windows-ix86+x86_64 0.5.0 11.00 43.00 54.00 OK
r-devel-windows-ix86+x86_64-gcc8 0.5.0 9.00 40.00 49.00 OK
r-patched-linux-x86_64 0.5.0 4.39 29.50 33.89 OK
r-patched-solaris-x86 0.5.0 65.20 NOTE
r-release-linux-x86_64 0.5.0 3.45 27.66 31.11 OK
r-release-windows-ix86+x86_64 0.5.0 12.00 60.00 72.00 OK
r-release-osx-x86_64 0.5.0 NOTE
r-oldrel-windows-ix86+x86_64 0.5.0 7.00 61.00 68.00 OK
r-oldrel-osx-x86_64 0.5.0 NOTE

Check Details

Version: 0.5.0
Check: dependencies in R code
Result: NOTE
    Namespace in Imports field not imported from: ‘titanic’
     All declared Imports should be used.
Flavors: r-devel-linux-x86_64-fedora-clang, r-devel-linux-x86_64-fedora-gcc, r-patched-solaris-x86, r-release-osx-x86_64, r-oldrel-osx-x86_64

Version: 0.5.0
Check: installed package size
Result: NOTE
     installed size is 5.2Mb
     sub-directories of 1Mb or more:
     img 4.7Mb
Flavor: r-patched-solaris-x86