CRAN Package Check Results for Package DBKGrad

Last updated on 2019-10-17 02:47:20 CEST.

Flavor Version Tinstall Tcheck Ttotal Status Flags
r-devel-linux-x86_64-debian-clang 1.7 11.73 95.73 107.46 OK
r-devel-linux-x86_64-debian-gcc 1.7 10.34 74.71 85.05 OK
r-devel-linux-x86_64-fedora-clang 1.7 131.94 OK
r-devel-linux-x86_64-fedora-gcc 1.7 129.94 OK
r-devel-windows-ix86+x86_64 1.7 49.00 110.00 159.00 OK
r-patched-linux-x86_64 1.7 12.45 92.87 105.32 OK
r-patched-solaris-x86 1.7 199.70 OK
r-release-linux-x86_64 1.7 13.25 93.36 106.61 OK
r-release-windows-ix86+x86_64 1.7 25.00 208.00 233.00 OK
r-release-osx-x86_64 1.7 ERROR
r-oldrel-windows-ix86+x86_64 1.7 15.00 112.00 127.00 OK
r-oldrel-osx-x86_64 1.7 ERROR

Check Details

Version: 1.7
Check: package dependencies
Result: ERROR
    Package required but not available: ‘SDD’
    
    See section ‘The DESCRIPTION file’ in the ‘Writing R Extensions’
    manual.
Flavors: r-release-osx-x86_64, r-oldrel-osx-x86_64