CRAN Package Check Results for Package DDRTree

Last updated on 2020-05-25 01:48:50 CEST.

Flavor Version Tinstall Tcheck Ttotal Status Flags
r-devel-linux-x86_64-debian-clang 0.1.5 67.20 56.14 123.34 OK
r-devel-linux-x86_64-debian-gcc 0.1.5 61.18 45.69 106.87 WARN
r-devel-linux-x86_64-fedora-clang 0.1.5 177.08 NOTE
r-devel-linux-x86_64-fedora-gcc 0.1.5 170.50 OK
r-devel-windows-ix86+x86_64 0.1.5 154.00 124.00 278.00 OK
r-patched-linux-x86_64 0.1.5 67.82 57.86 125.68 OK
r-patched-solaris-x86 0.1.5 175.30 OK
r-release-linux-x86_64 0.1.5 67.47 57.52 124.99 OK
r-release-osx-x86_64 0.1.5 NOTE
r-release-windows-ix86+x86_64 0.1.5 112.00 139.00 251.00 OK
r-oldrel-osx-x86_64 0.1.5 NOTE
r-oldrel-windows-ix86+x86_64 0.1.5 117.00 115.00 232.00 OK

Check Details

Version: 0.1.5
Check: whether package can be installed
Result: WARN
    Found the following significant warnings:
     /home/hornik/tmp/R.check/r-devel-gcc/Work/build/Packages/RcppEigen/include/Eigen/src/SparseCore/SparseSelfAdjointView.h:456:14: warning: bitwise comparison always evaluates to false [-Wtautological-compare]
     /home/hornik/tmp/R.check/r-devel-gcc/Work/build/Packages/RcppEigen/include/Eigen/src/SparseCore/SparseSelfAdjointView.h:489:14: warning: bitwise comparison always evaluates to false [-Wtautological-compare]
Flavor: r-devel-linux-x86_64-debian-gcc

Version: 0.1.5
Check: installed package size
Result: NOTE
     installed size is 22.3Mb
     sub-directories of 1Mb or more:
     libs 22.2Mb
Flavors: r-devel-linux-x86_64-fedora-clang, r-release-osx-x86_64, r-oldrel-osx-x86_64