CRAN Package Check Results for Package DDRTree

Last updated on 2019-10-14 01:46:21 CEST.

Flavor Version Tinstall Tcheck Ttotal Status Flags
r-devel-linux-x86_64-debian-clang 0.1.5 65.57 50.39 115.96 OK
r-devel-linux-x86_64-debian-gcc 0.1.5 59.79 42.13 101.92 OK
r-devel-linux-x86_64-fedora-clang 0.1.5 156.47 NOTE
r-devel-linux-x86_64-fedora-gcc 0.1.5 169.64 OK
r-devel-windows-ix86+x86_64 0.1.5 103.00 119.00 222.00 OK
r-patched-linux-x86_64 0.1.5 63.66 50.33 113.99 OK
r-patched-solaris-x86 0.1.5 162.70 OK
r-release-linux-x86_64 0.1.5 62.01 50.57 112.58 OK
r-release-windows-ix86+x86_64 0.1.5 140.00 90.00 230.00 OK
r-release-osx-x86_64 0.1.5 NOTE
r-oldrel-windows-ix86+x86_64 0.1.5 87.00 82.00 169.00 OK
r-oldrel-osx-x86_64 0.1.5 NOTE

Check Details

Version: 0.1.5
Check: installed package size
Result: NOTE
     installed size is 21.8Mb
     sub-directories of 1Mb or more:
     libs 21.7Mb
Flavors: r-devel-linux-x86_64-fedora-clang, r-release-osx-x86_64, r-oldrel-osx-x86_64