CRAN Package Check Results for Package DataGraph

Last updated on 2020-07-12 18:49:51 CEST.

Flavor Version Tinstall Tcheck Ttotal Status Flags
r-devel-linux-x86_64-debian-clang 1.2.1 74.50 23.51 98.01 OK
r-devel-linux-x86_64-debian-gcc 1.2.1 65.66 18.94 84.60 OK
r-devel-linux-x86_64-fedora-clang 1.2.1 157.86 NOTE
r-devel-linux-x86_64-fedora-gcc 1.2.1 137.48 OK
r-devel-windows-ix86+x86_64 1.2.1 184.00 79.00 263.00 OK
r-patched-linux-x86_64 1.2.1 63.25 23.69 86.94 OK
r-patched-solaris-x86 1.2.1 123.20 OK
r-release-linux-x86_64 1.2.1 63.70 23.31 87.01 OK
r-release-macos-x86_64 1.2.1 NOTE
r-release-windows-ix86+x86_64 1.2.1 186.00 64.00 250.00 OK
r-oldrel-macos-x86_64 1.2.1 NOTE
r-oldrel-windows-ix86+x86_64 1.2.1 172.00 72.00 244.00 OK

Additional issues

rchk

Check Details

Version: 1.2.1
Check: installed package size
Result: NOTE
     installed size is 8.4Mb
     sub-directories of 1Mb or more:
     libs 8.3Mb
Flavors: r-devel-linux-x86_64-fedora-clang, r-release-macos-x86_64, r-oldrel-macos-x86_64