CRAN Package Check Results for Package DetMCD

Last updated on 2020-05-28 01:53:14 CEST.

Flavor Version Tinstall Tcheck Ttotal Status Flags
r-devel-linux-x86_64-debian-clang 0.0.5 34.67 25.05 59.72 OK
r-devel-linux-x86_64-debian-gcc 0.0.5 25.62 21.14 46.76 OK
r-devel-linux-x86_64-fedora-clang 0.0.5 85.11 NOTE
r-devel-linux-x86_64-fedora-gcc 0.0.5 77.91 OK
r-devel-windows-ix86+x86_64 0.0.5 82.00 79.00 161.00 OK
r-patched-linux-x86_64 0.0.5 33.71 26.56 60.27 OK
r-patched-solaris-x86 0.0.5 79.00 OK
r-release-linux-x86_64 0.0.5 28.43 26.60 55.03 OK
r-release-osx-x86_64 0.0.5 NOTE
r-release-windows-ix86+x86_64 0.0.5 57.00 72.00 129.00 OK
r-oldrel-osx-x86_64 0.0.5 NOTE
r-oldrel-windows-ix86+x86_64 0.0.5 68.00 54.00 122.00 OK

Check Details

Version: 0.0.5
Check: installed package size
Result: NOTE
     installed size is 11.1Mb
     sub-directories of 1Mb or more:
     libs 11.0Mb
Flavors: r-devel-linux-x86_64-fedora-clang, r-release-osx-x86_64, r-oldrel-osx-x86_64