CRAN Package Check Results for Package DetMCD

Last updated on 2019-10-19 01:50:10 CEST.

Flavor Version Tinstall Tcheck Ttotal Status Flags
r-devel-linux-x86_64-debian-clang 0.0.5 34.21 22.77 56.98 OK
r-devel-linux-x86_64-debian-gcc 0.0.5 26.87 19.30 46.17 OK
r-devel-linux-x86_64-fedora-clang 0.0.5 78.21 NOTE
r-devel-linux-x86_64-fedora-gcc 0.0.5 74.94 OK
r-devel-windows-ix86+x86_64 0.0.5 66.00 49.00 115.00 OK
r-patched-linux-x86_64 0.0.5 30.65 23.66 54.31 OK
r-patched-solaris-x86 0.0.5 74.50 OK
r-release-linux-x86_64 0.0.5 29.78 23.38 53.16 OK
r-release-windows-ix86+x86_64 0.0.5 44.00 81.00 125.00 OK
r-release-osx-x86_64 0.0.5 NOTE
r-oldrel-windows-ix86+x86_64 0.0.5 47.00 46.00 93.00 OK
r-oldrel-osx-x86_64 0.0.5 NOTE

Check Details

Version: 0.0.5
Check: installed package size
Result: NOTE
     installed size is 11.0Mb
     sub-directories of 1Mb or more:
     libs 10.8Mb
Flavors: r-devel-linux-x86_64-fedora-clang, r-release-osx-x86_64, r-oldrel-osx-x86_64