CRAN Package Check Results for Package DoE.MIParray

Last updated on 2020-03-29 01:48:52 CET.

Flavor Version Tinstall Tcheck Ttotal Status Flags
r-devel-linux-x86_64-debian-clang 0.13 NOTE
r-devel-linux-x86_64-debian-gcc 0.13 4.86 32.63 37.49 NOTE
r-devel-linux-x86_64-fedora-clang 0.13 61.38 NOTE
r-devel-linux-x86_64-fedora-gcc 0.13 55.01 NOTE
r-devel-windows-ix86+x86_64 0.13 11.00 49.00 60.00 NOTE
r-devel-windows-ix86+x86_64-gcc8 0.13 10.00 56.00 66.00 NOTE
r-patched-linux-x86_64 0.13 6.11 41.23 47.34 NOTE
r-patched-solaris-x86 0.13 82.20 NOTE
r-release-linux-x86_64 0.13 5.41 37.38 42.79 NOTE
r-release-windows-ix86+x86_64 0.13 15.00 54.00 69.00 NOTE
r-release-osx-x86_64 0.13 NOTE
r-oldrel-windows-ix86+x86_64 0.13 9.00 78.00 87.00 NOTE
r-oldrel-osx-x86_64 0.13 NOTE

Check Details

Version: 0.13
Check: package dependencies
Result: NOTE
    Package which this enhances but not available for checking: 'gurobi'
Flavors: r-devel-linux-x86_64-debian-clang, r-devel-linux-x86_64-debian-gcc, r-devel-linux-x86_64-fedora-clang, r-devel-linux-x86_64-fedora-gcc, r-devel-windows-ix86+x86_64, r-devel-windows-ix86+x86_64-gcc8, r-patched-linux-x86_64, r-release-linux-x86_64, r-release-windows-ix86+x86_64, r-release-osx-x86_64, r-oldrel-windows-ix86+x86_64, r-oldrel-osx-x86_64

Version: 0.13
Check: package dependencies
Result: NOTE
    Packages which this enhances but not available for checking:
     'gurobi', 'Rmosek'
Flavor: r-patched-solaris-x86