CRAN Package Check Results for Package EBASS

Last updated on 2020-07-12 18:49:52 CEST.

Flavor Version Tinstall Tcheck Ttotal Status Flags
r-devel-linux-x86_64-debian-clang 0.1 3.46 31.32 34.78 NOTE
r-devel-linux-x86_64-debian-gcc 0.1 3.19 24.43 27.62 NOTE
r-devel-linux-x86_64-fedora-clang 0.1 52.30 OK
r-devel-linux-x86_64-fedora-gcc 0.1 41.88 OK
r-devel-windows-ix86+x86_64 0.1 16.00 54.00 70.00 NOTE
r-patched-linux-x86_64 0.1 4.28 30.58 34.86 NOTE
r-patched-solaris-x86 0.1 54.40 OK
r-release-linux-x86_64 0.1 3.87 30.49 34.36 NOTE
r-release-macos-x86_64 0.1 OK
r-release-windows-ix86+x86_64 0.1 13.00 65.00 78.00 NOTE
r-oldrel-macos-x86_64 0.1 OK
r-oldrel-windows-ix86+x86_64 0.1 15.00 43.00 58.00 OK

Check Details

Version: 0.1
Check: package vignettes
Result: NOTE
    Package vignette with placeholder title 'Vignette Title':
     'my-vignette.Rmd'
Flavors: r-devel-linux-x86_64-debian-clang, r-devel-linux-x86_64-debian-gcc, r-devel-windows-ix86+x86_64, r-patched-linux-x86_64, r-release-linux-x86_64, r-release-windows-ix86+x86_64