CRAN Package Check Results for Package EFS

Last updated on 2020-07-12 18:49:52 CEST.

Flavor Version Tinstall Tcheck Ttotal Status Flags
r-devel-linux-x86_64-debian-clang 1.0.3 9.60 75.72 85.32 NOTE
r-devel-linux-x86_64-debian-gcc 1.0.3 7.89 59.59 67.48 NOTE
r-devel-linux-x86_64-fedora-clang 1.0.3 116.11 NOTE
r-devel-linux-x86_64-fedora-gcc 1.0.3 101.99 NOTE
r-devel-windows-ix86+x86_64 1.0.3 18.00 103.00 121.00 OK
r-patched-linux-x86_64 1.0.3 9.76 75.68 85.44 NOTE
r-patched-solaris-x86 1.0.3 158.80 NOTE
r-release-linux-x86_64 1.0.3 10.04 76.33 86.37 NOTE
r-release-macos-x86_64 1.0.3 OK
r-release-windows-ix86+x86_64 1.0.3 29.00 114.00 143.00 OK
r-oldrel-macos-x86_64 1.0.3 OK
r-oldrel-windows-ix86+x86_64 1.0.3 17.00 79.00 96.00 OK

Check Details

Version: 1.0.3
Check: for non-standard things in the check directory
Result: NOTE
    Found the following files/directories:
     'eval_test_LG_ROC.pdf' 'test.pdf'
Flavors: r-devel-linux-x86_64-debian-clang, r-devel-linux-x86_64-debian-gcc, r-devel-linux-x86_64-fedora-clang, r-devel-linux-x86_64-fedora-gcc, r-patched-linux-x86_64, r-patched-solaris-x86, r-release-linux-x86_64