CRAN Package Check Results for Package ERSA

Last updated on 2020-04-03 04:47:21 CEST.

Flavor Version Tinstall Tcheck Ttotal Status Flags
r-devel-linux-x86_64-debian-clang 0.1.1 6.97 58.43 65.40 NOTE
r-devel-linux-x86_64-debian-gcc 0.1.1 6.06 45.03 51.09 NOTE
r-devel-linux-x86_64-fedora-clang 0.1.1 71.78 OK
r-devel-linux-x86_64-fedora-gcc 0.1.1 71.41 OK
r-devel-windows-ix86+x86_64 0.1.1 16.00 65.00 81.00 NOTE
r-devel-windows-ix86+x86_64-gcc8 0.1.1 13.00 80.00 93.00 NOTE
r-patched-linux-x86_64 0.1.1 7.21 55.27 62.48 NOTE
r-patched-solaris-x86 0.1.1 110.40 OK
r-release-linux-x86_64 0.1.1 6.06 52.34 58.40 OK
r-release-windows-ix86+x86_64 0.1.1 12.00 72.00 84.00 OK
r-release-osx-x86_64 0.1.1 OK
r-oldrel-windows-ix86+x86_64 0.1.1 9.00 69.00 78.00 OK
r-oldrel-osx-x86_64 0.1.1 OK

Check Details

Version: 0.1.1
Check: package vignettes
Result: NOTE
    Package vignette with placeholder title 'Vignette Title':
     'ERSA.Rmd'
Flavors: r-devel-linux-x86_64-debian-clang, r-devel-linux-x86_64-debian-gcc, r-devel-windows-ix86+x86_64, r-devel-windows-ix86+x86_64-gcc8, r-patched-linux-x86_64