CRAN Package Check Results for Package EZtune

Last updated on 2019-11-21 00:49:56 CET.

Flavor Version Tinstall Tcheck Ttotal Status Flags
r-devel-linux-x86_64-debian-clang 2.0.0 4.54 363.92 368.46 OK
r-devel-linux-x86_64-debian-gcc 2.0.0 3.75 392.70 396.45 OK
r-devel-linux-x86_64-fedora-clang 2.0.0 548.59 OK
r-devel-linux-x86_64-fedora-gcc 2.0.0 524.62 OK
r-devel-windows-ix86+x86_64 2.0.0 11.00 438.00 449.00 OK
r-devel-windows-ix86+x86_64-gcc8 2.0.0 12.00 377.00 389.00 OK
r-patched-linux-x86_64 2.0.0 3.71 430.31 434.02 OK
r-patched-solaris-x86 2.0.0 621.40 OK
r-release-linux-x86_64 2.0.0 3.21 348.93 352.14 OK
r-release-windows-ix86+x86_64 2.0.0 10.00 475.00 485.00 OK
r-release-osx-x86_64 2.0.0 OK
r-oldrel-windows-ix86+x86_64 2.0.0 5.00 390.00 395.00 OK
r-oldrel-osx-x86_64 2.0.0 ERROR

Check Details

Version: 2.0.0
Check: dependencies in R code
Result: NOTE
    Missing or unexported object: ‘optimx::hjn’
Flavor: r-oldrel-osx-x86_64

Version: 2.0.0
Check: examples
Result: ERROR
    Running examples in ‘EZtune-Ex.R’ failed
    The error most likely occurred in:
    
    > ### Name: eztune
    > ### Title: Supervised Learning Function
    > ### Aliases: eztune
    >
    > ### ** Examples
    >
    > library(mlbench)
    > data(Sonar)
    > sonar <- Sonar[sample(1:nrow(Sonar), 100), ]
    >
    > y <- sonar[, 61]
    > x <- sonar[, 1:10]
    >
    > # Optimize an SVM using the default fast setting and Hooke-Jeeves
    > eztune(x, y)
    Error: 'hjn' is not an exported object from 'namespace:optimx'
    Execution halted
Flavor: r-oldrel-osx-x86_64

Version: 2.0.0
Check: re-building of vignette outputs
Result: WARN
    Error in re-building vignettes:
     ...
    Warning in engine$weave(file, quiet = quiet, encoding = enc) :
     Pandoc (>= 1.12.3) and/or pandoc-citeproc not available. Falling back to R Markdown v1.
    Quitting from lines 152-156 (EZtune.Rmd)
    Error: processing vignette 'EZtune.Rmd' failed with diagnostics:
    'hjn' is not an exported object from 'namespace:optimx'
    Execution halted
Flavor: r-oldrel-osx-x86_64