CRAN Package Check Results for Package EpiReport

Last updated on 2020-05-30 02:02:32 CEST.

Flavor Version Tinstall Tcheck Ttotal Status Flags
r-devel-linux-x86_64-debian-clang 0.1.1 5.55 68.99 74.54 OK
r-devel-linux-x86_64-debian-gcc 0.1.1 4.15 55.02 59.17 OK
r-devel-linux-x86_64-fedora-clang 0.1.1 84.34 NOTE
r-devel-linux-x86_64-fedora-gcc 0.1.1 81.75 NOTE
r-devel-windows-ix86+x86_64 0.1.1 17.00 117.00 134.00 OK
r-patched-linux-x86_64 0.1.1 5.41 65.20 70.61 OK
r-patched-solaris-x86 0.1.1 131.30 NOTE
r-release-linux-x86_64 0.1.1 5.94 65.90 71.84 OK
r-release-osx-x86_64 0.1.1 NOTE
r-release-windows-ix86+x86_64 0.1.1 12.00 70.00 82.00 OK
r-oldrel-osx-x86_64 0.1.1 NOTE
r-oldrel-windows-ix86+x86_64 0.1.1 9.00 80.00 89.00 OK

Check Details

Version: 0.1.1
Check: dependencies in R code
Result: NOTE
    Namespaces in Imports field not imported from:
     ‘extrafont’ ‘graphics’ ‘knitr’ ‘rmarkdown’ ‘utils’
     All declared Imports should be used.
Flavors: r-devel-linux-x86_64-fedora-clang, r-devel-linux-x86_64-fedora-gcc, r-patched-solaris-x86, r-release-osx-x86_64, r-oldrel-osx-x86_64