CRAN Package Check Results for Package Evapotranspiration

Last updated on 2019-10-18 01:46:25 CEST.

Flavor Version Tinstall Tcheck Ttotal Status Flags
r-devel-linux-x86_64-debian-clang 1.14 13.30 60.60 73.90 NOTE
r-devel-linux-x86_64-debian-gcc 1.14 10.30 45.65 55.95 NOTE
r-devel-linux-x86_64-fedora-clang 1.14 87.34 NOTE
r-devel-linux-x86_64-fedora-gcc 1.14 84.47 NOTE
r-devel-windows-ix86+x86_64 1.14 25.00 93.00 118.00 OK
r-patched-linux-x86_64 1.14 11.91 59.96 71.87 OK
r-patched-solaris-x86 1.14 113.60 OK
r-release-linux-x86_64 1.14 11.53 59.36 70.89 OK
r-release-windows-ix86+x86_64 1.14 16.00 70.00 86.00 OK
r-release-osx-x86_64 1.14 OK
r-oldrel-windows-ix86+x86_64 1.14 14.00 69.00 83.00 OK
r-oldrel-osx-x86_64 1.14 OK

Check Details

Version: 1.14
Check: for non-standard things in the check directory
Result: NOTE
    Found the following files/directories:
     'ET_Abtew.csv' 'ET_BlaneyCriddle.csv' 'ET_BrutsaertStrickler.csv'
     'ET_ChapmanAustralian.csv' 'ET_GrangerGray.csv' 'ET_Hamon.csv'
     'ET_HargreavesSamani.csv' 'ET_JensenHaise.csv' 'ET_Linacre.csv'
     'ET_Makkink.csv' 'ET_MattShuttleworth.csv' 'ET_McGuinnessBordne.csv'
     'ET_MortonCRAE.csv' 'ET_MortonCRWE.csv' 'ET_PenPan.csv'
     'ET_Penman.csv' 'ET_PenmanMonteith.csv' 'ET_PriestleyTaylor.csv'
     'ET_Romanenko.csv' 'ET_SzilagyiJozsa.csv' 'ET_Turc.csv'
Flavors: r-devel-linux-x86_64-debian-clang, r-devel-linux-x86_64-debian-gcc, r-devel-linux-x86_64-fedora-clang, r-devel-linux-x86_64-fedora-gcc