CRAN Package Check Results for Package Evapotranspiration

Last updated on 2019-06-16 01:46:31 CEST.

Flavor Version Tinstall Tcheck Ttotal Status Flags
r-devel-linux-x86_64-debian-clang 1.14 12.18 61.56 73.74 NOTE
r-devel-linux-x86_64-debian-gcc 1.14 10.33 46.67 57.00 NOTE
r-devel-linux-x86_64-fedora-clang 1.14 89.50 NOTE
r-devel-linux-x86_64-fedora-gcc 1.14 84.83 NOTE
r-devel-windows-ix86+x86_64 1.14 24.00 73.00 97.00 OK
r-patched-linux-x86_64 1.14 12.46 61.24 73.70 OK
r-patched-solaris-x86 1.14 116.90 OK
r-release-linux-x86_64 1.14 11.09 61.19 72.28 OK
r-release-windows-ix86+x86_64 1.14 17.00 97.00 114.00 OK
r-release-osx-x86_64 1.14 OK
r-oldrel-windows-ix86+x86_64 1.14 12.00 91.00 103.00 OK
r-oldrel-osx-x86_64 1.14 OK

Check Details

Version: 1.14
Check: for non-standard things in the check directory
Result: NOTE
    Found the following files/directories:
     'ET_Abtew.csv' 'ET_BlaneyCriddle.csv' 'ET_BrutsaertStrickler.csv'
     'ET_ChapmanAustralian.csv' 'ET_GrangerGray.csv' 'ET_Hamon.csv'
     'ET_HargreavesSamani.csv' 'ET_JensenHaise.csv' 'ET_Linacre.csv'
     'ET_Makkink.csv' 'ET_MattShuttleworth.csv' 'ET_McGuinnessBordne.csv'
     'ET_MortonCRAE.csv' 'ET_MortonCRWE.csv' 'ET_PenPan.csv'
     'ET_Penman.csv' 'ET_PenmanMonteith.csv' 'ET_PriestleyTaylor.csv'
     'ET_Romanenko.csv' 'ET_SzilagyiJozsa.csv' 'ET_Turc.csv'
Flavors: r-devel-linux-x86_64-debian-clang, r-devel-linux-x86_64-debian-gcc, r-devel-linux-x86_64-fedora-clang, r-devel-linux-x86_64-fedora-gcc