CRAN Package Check Results for Package EvolutionaryGames

Last updated on 2019-10-20 01:46:48 CEST.

Flavor Version Tinstall Tcheck Ttotal Status Flags
r-devel-linux-x86_64-debian-clang 0.1.0 2.63 92.47 95.10 NOTE
r-devel-linux-x86_64-debian-gcc 0.1.0 2.27 62.69 64.96 NOTE
r-devel-linux-x86_64-fedora-clang 0.1.0 106.60 OK
r-devel-linux-x86_64-fedora-gcc 0.1.0 102.07 OK
r-devel-windows-ix86+x86_64 0.1.0 9.00 88.00 97.00 NOTE
r-patched-linux-x86_64 0.1.0 2.21 88.76 90.97 OK
r-patched-solaris-x86 0.1.0 138.20 OK
r-release-linux-x86_64 0.1.0 2.40 88.78 91.18 OK
r-release-windows-ix86+x86_64 0.1.0 7.00 95.00 102.00 OK
r-release-osx-x86_64 0.1.0 OK
r-oldrel-windows-ix86+x86_64 0.1.0 4.00 87.00 91.00 OK
r-oldrel-osx-x86_64 0.1.0 OK

Check Details

Version: 0.1.0
Check: package vignettes
Result: NOTE
    Package vignette with placeholder title 'Vignette Title':
     'UsingEvolutionaryGames.Rmd'
Flavors: r-devel-linux-x86_64-debian-clang, r-devel-linux-x86_64-debian-gcc, r-devel-windows-ix86+x86_64