CRAN Package Check Results for Package EvolutionaryGames

Last updated on 2020-05-31 01:48:39 CEST.

Flavor Version Tinstall Tcheck Ttotal Status Flags
r-devel-linux-x86_64-debian-clang 0.1.0 3.25 100.74 103.99 NOTE
r-devel-linux-x86_64-debian-gcc 0.1.0 2.69 67.91 70.60 NOTE
r-devel-linux-x86_64-fedora-clang 0.1.0 122.97 OK
r-devel-linux-x86_64-fedora-gcc 0.1.0 114.72 OK
r-devel-windows-ix86+x86_64 0.1.0 12.00 132.00 144.00 NOTE
r-patched-linux-x86_64 0.1.0 3.35 96.75 100.10 NOTE
r-patched-solaris-x86 0.1.0 149.50 OK
r-release-linux-x86_64 0.1.0 3.17 96.27 99.44 NOTE
r-release-osx-x86_64 0.1.0 OK
r-release-windows-ix86+x86_64 0.1.0 9.00 99.00 108.00 NOTE
r-oldrel-osx-x86_64 0.1.0 OK
r-oldrel-windows-ix86+x86_64 0.1.0 6.00 108.00 114.00 OK

Check Details

Version: 0.1.0
Check: package vignettes
Result: NOTE
    Package vignette with placeholder title 'Vignette Title':
     'UsingEvolutionaryGames.Rmd'
Flavors: r-devel-linux-x86_64-debian-clang, r-devel-linux-x86_64-debian-gcc, r-devel-windows-ix86+x86_64, r-patched-linux-x86_64, r-release-linux-x86_64, r-release-windows-ix86+x86_64