CRAN Package Check Results for Package FastGP

Last updated on 2019-10-17 02:47:22 CEST.

Flavor Version Tinstall Tcheck Ttotal Status Flags
r-devel-linux-x86_64-debian-clang 1.2 44.84 26.04 70.88 OK
r-devel-linux-x86_64-debian-gcc 1.2 30.74 21.14 51.88 OK
r-devel-linux-x86_64-fedora-clang 1.2 93.24 NOTE
r-devel-linux-x86_64-fedora-gcc 1.2 89.09 NOTE
r-devel-windows-ix86+x86_64 1.2 99.00 53.00 152.00 OK
r-patched-linux-x86_64 1.2 38.54 25.77 64.31 OK
r-patched-solaris-x86 1.2 86.20 OK
r-release-linux-x86_64 1.2 35.03 25.86 60.89 OK
r-release-windows-ix86+x86_64 1.2 59.00 83.00 142.00 OK
r-release-osx-x86_64 1.2 NOTE
r-oldrel-windows-ix86+x86_64 1.2 58.00 50.00 108.00 OK
r-oldrel-osx-x86_64 1.2 NOTE

Check Details

Version: 1.2
Check: installed package size
Result: NOTE
     installed size is 6.3Mb
     sub-directories of 1Mb or more:
     libs 5.9Mb
Flavors: r-devel-linux-x86_64-fedora-clang, r-release-osx-x86_64, r-oldrel-osx-x86_64

Version: 1.2
Check: compiled code
Result: NOTE
    File ‘FastGP/libs/FastGP.so’:
     Found no calls to: ‘R_registerRoutines’, ‘R_useDynamicSymbols’
    
    It is good practice to register native routines and to disable symbol
    search.
    
    See ‘Writing portable packages’ in the ‘Writing R Extensions’ manual.
Flavors: r-devel-linux-x86_64-fedora-clang, r-devel-linux-x86_64-fedora-gcc