CRAN Package Check Results for Package FastGP

Last updated on 2020-05-25 01:48:52 CEST.

Flavor Version Tinstall Tcheck Ttotal Status Flags
r-devel-linux-x86_64-debian-clang 1.2 53.86 27.45 81.31 OK
r-devel-linux-x86_64-debian-gcc 1.2 34.81 22.76 57.57 OK
r-devel-linux-x86_64-fedora-clang 1.2 106.30 NOTE
r-devel-linux-x86_64-fedora-gcc 1.2 91.45 NOTE
r-devel-windows-ix86+x86_64 1.2 116.00 80.00 196.00 OK
r-patched-linux-x86_64 1.2 36.44 29.11 65.55 OK
r-patched-solaris-x86 1.2 88.90 OK
r-release-linux-x86_64 1.2 39.14 28.24 67.38 OK
r-release-osx-x86_64 1.2 NOTE
r-release-windows-ix86+x86_64 1.2 92.00 85.00 177.00 OK
r-oldrel-osx-x86_64 1.2 NOTE
r-oldrel-windows-ix86+x86_64 1.2 82.00 81.00 163.00 OK

Check Details

Version: 1.2
Check: installed package size
Result: NOTE
     installed size is 6.6Mb
     sub-directories of 1Mb or more:
     libs 6.2Mb
Flavors: r-devel-linux-x86_64-fedora-clang, r-release-osx-x86_64, r-oldrel-osx-x86_64

Version: 1.2
Check: compiled code
Result: NOTE
    File ‘FastGP/libs/FastGP.so’:
     Found no calls to: ‘R_registerRoutines’, ‘R_useDynamicSymbols’
    
    It is good practice to register native routines and to disable symbol
    search.
    
    See ‘Writing portable packages’ in the ‘Writing R Extensions’ manual.
Flavors: r-devel-linux-x86_64-fedora-clang, r-devel-linux-x86_64-fedora-gcc