CRAN Package Check Results for Package FrF2.catlg128

Last updated on 2020-06-07 01:48:13 CEST.

Flavor Version Tinstall Tcheck Ttotal Status Flags
r-devel-linux-x86_64-debian-clang 1.2-1 82.47 67.63 150.10 NOTE
r-devel-linux-x86_64-debian-gcc 1.2-1 72.81 56.15 128.96 NOTE
r-devel-linux-x86_64-fedora-clang 1.2-1 224.18 NOTE
r-devel-linux-x86_64-fedora-gcc 1.2-1 211.60 NOTE
r-devel-windows-ix86+x86_64 1.2-1 143.00 104.00 247.00 NOTE
r-patched-linux-x86_64 1.2-1 82.93 67.17 150.10 NOTE
r-patched-solaris-x86 1.2-1 470.60 NOTE
r-release-linux-x86_64 1.2-1 83.62 67.31 150.93 NOTE
r-release-osx-x86_64 1.2-1 NOTE
r-release-windows-ix86+x86_64 1.2-1 144.00 109.00 253.00 NOTE
r-oldrel-osx-x86_64 1.2-1 NOTE
r-oldrel-windows-ix86+x86_64 1.2-1 168.00 103.00 271.00 NOTE

Check Details

Version: 1.2-1
Check: top-level files
Result: NOTE
    Non-standard file/directory found at top level:
     'FrF2.catlg128-Ex.R'
Flavors: r-devel-linux-x86_64-debian-clang, r-devel-linux-x86_64-debian-gcc, r-devel-linux-x86_64-fedora-clang, r-devel-linux-x86_64-fedora-gcc, r-patched-linux-x86_64, r-release-linux-x86_64

Version: 1.2-1
Check: dependencies in R code
Result: NOTE
    Package in Depends field not imported from: 'FrF2'
     These packages need to be imported from (in the NAMESPACE file)
     for when this namespace is loaded but not attached.
Flavors: r-devel-linux-x86_64-debian-clang, r-devel-linux-x86_64-debian-gcc, r-devel-linux-x86_64-fedora-clang, r-devel-linux-x86_64-fedora-gcc, r-devel-windows-ix86+x86_64, r-patched-linux-x86_64, r-patched-solaris-x86, r-release-linux-x86_64, r-release-osx-x86_64, r-release-windows-ix86+x86_64, r-oldrel-osx-x86_64, r-oldrel-windows-ix86+x86_64

Version: 1.2-1
Check: installed package size
Result: NOTE
     installed size is 5.7Mb
     sub-directories of 1Mb or more:
     R 5.7Mb
Flavors: r-devel-linux-x86_64-fedora-clang, r-devel-windows-ix86+x86_64, r-patched-solaris-x86, r-release-osx-x86_64, r-release-windows-ix86+x86_64, r-oldrel-osx-x86_64, r-oldrel-windows-ix86+x86_64