CRAN Package Check Results for Package FrF2.catlg128

Last updated on 2019-10-22 01:49:27 CEST.

Flavor Version Tinstall Tcheck Ttotal Status Flags
r-devel-linux-x86_64-debian-clang 1.2-1 82.04 64.98 147.02 NOTE
r-devel-linux-x86_64-debian-gcc 1.2-1 74.46 55.39 129.85 NOTE
r-devel-linux-x86_64-fedora-clang 1.2-1 212.19 NOTE
r-devel-linux-x86_64-fedora-gcc 1.2-1 208.83 NOTE
r-devel-windows-ix86+x86_64 1.2-1 123.00 84.00 207.00 NOTE
r-patched-linux-x86_64 1.2-1 80.47 65.03 145.50 NOTE
r-patched-solaris-x86 1.2-1 379.40 NOTE
r-release-linux-x86_64 1.2-1 86.26 63.95 150.21 NOTE
r-release-windows-ix86+x86_64 1.2-1 156.00 115.00 271.00 NOTE
r-release-osx-x86_64 1.2-1 NOTE
r-oldrel-windows-ix86+x86_64 1.2-1 106.00 71.00 177.00 NOTE
r-oldrel-osx-x86_64 1.2-1 NOTE

Check Details

Version: 1.2-1
Check: top-level files
Result: NOTE
    Non-standard file/directory found at top level:
     'FrF2.catlg128-Ex.R'
Flavors: r-devel-linux-x86_64-debian-clang, r-devel-linux-x86_64-debian-gcc, r-devel-linux-x86_64-fedora-clang, r-devel-linux-x86_64-fedora-gcc, r-patched-linux-x86_64, r-release-linux-x86_64

Version: 1.2-1
Check: dependencies in R code
Result: NOTE
    Package in Depends field not imported from: 'FrF2'
     These packages need to be imported from (in the NAMESPACE file)
     for when this namespace is loaded but not attached.
Flavors: r-devel-linux-x86_64-debian-clang, r-devel-linux-x86_64-debian-gcc, r-devel-linux-x86_64-fedora-clang, r-devel-linux-x86_64-fedora-gcc, r-devel-windows-ix86+x86_64, r-patched-linux-x86_64, r-patched-solaris-x86, r-release-linux-x86_64, r-release-windows-ix86+x86_64, r-release-osx-x86_64, r-oldrel-windows-ix86+x86_64, r-oldrel-osx-x86_64

Version: 1.2-1
Check: installed package size
Result: NOTE
     installed size is 5.7Mb
     sub-directories of 1Mb or more:
     R 5.7Mb
Flavors: r-devel-linux-x86_64-fedora-clang, r-devel-windows-ix86+x86_64, r-patched-solaris-x86, r-release-windows-ix86+x86_64, r-release-osx-x86_64, r-oldrel-windows-ix86+x86_64, r-oldrel-osx-x86_64