CRAN Package Check Results for Package GA

Last updated on 2020-05-28 01:53:17 CEST.

Flavor Version Tinstall Tcheck Ttotal Status Flags
r-devel-linux-x86_64-debian-clang 3.2 54.09 78.18 132.27 OK
r-devel-linux-x86_64-debian-gcc 3.2 37.72 57.72 95.44 OK
r-devel-linux-x86_64-fedora-clang 3.2 172.13 NOTE
r-devel-linux-x86_64-fedora-gcc 3.2 162.67 OK
r-devel-windows-ix86+x86_64 3.2 119.00 148.00 267.00 OK
r-patched-linux-x86_64 3.2 47.10 77.21 124.31 OK
r-patched-solaris-x86 3.2 187.80 OK
r-release-linux-x86_64 3.2 45.42 76.25 121.67 OK
r-release-osx-x86_64 3.2 NOTE
r-release-windows-ix86+x86_64 3.2 100.00 157.00 257.00 OK
r-oldrel-osx-x86_64 3.2 NOTE
r-oldrel-windows-ix86+x86_64 3.2 110.00 114.00 224.00 OK

Check Details

Version: 3.2
Check: installed package size
Result: NOTE
     installed size is 6.6Mb
     sub-directories of 1Mb or more:
     doc 1.7Mb
     libs 4.3Mb
Flavors: r-devel-linux-x86_64-fedora-clang, r-release-osx-x86_64, r-oldrel-osx-x86_64