CRAN Package Check Results for Package GCD

Last updated on 2020-07-12 18:49:54 CEST.

Flavor Version Tinstall Tcheck Ttotal Status Flags
r-devel-linux-x86_64-debian-clang 4.0.6 2.09 26.72 28.81 OK
r-devel-linux-x86_64-debian-gcc 4.0.6 1.64 21.40 23.04 OK
r-devel-linux-x86_64-fedora-clang 4.0.6 45.26 NOTE
r-devel-linux-x86_64-fedora-gcc 4.0.6 33.96 NOTE
r-devel-windows-ix86+x86_64 4.0.6 8.00 54.00 62.00 OK
r-patched-linux-x86_64 4.0.6 2.10 26.74 28.84 OK
r-patched-solaris-x86 4.0.6 56.00 NOTE
r-release-linux-x86_64 4.0.6 1.85 26.69 28.54 OK
r-release-macos-x86_64 4.0.6 NOTE
r-release-windows-ix86+x86_64 4.0.6 8.00 39.00 47.00 OK
r-oldrel-macos-x86_64 4.0.6 NOTE
r-oldrel-windows-ix86+x86_64 4.0.6 6.00 52.00 58.00 OK

Check Details

Version: 4.0.6
Check: dependencies in R code
Result: NOTE
    Namespace in Imports field not imported from: ‘raster’
     All declared Imports should be used.
Flavors: r-devel-linux-x86_64-fedora-clang, r-devel-linux-x86_64-fedora-gcc, r-patched-solaris-x86, r-release-macos-x86_64, r-oldrel-macos-x86_64

Version: 4.0.6
Check: data for non-ASCII characters
Result: NOTE
     Note: found 103 marked UTF-8 strings
Flavors: r-devel-linux-x86_64-fedora-clang, r-devel-linux-x86_64-fedora-gcc, r-patched-solaris-x86, r-release-macos-x86_64, r-oldrel-macos-x86_64