CRAN Package Check Results for Package GLMaSPU

Last updated on 2019-10-22 01:49:27 CEST.

Flavor Version Tinstall Tcheck Ttotal Status Flags
r-devel-linux-x86_64-debian-clang 1.0 33.42 26.05 59.47 OK
r-devel-linux-x86_64-debian-gcc 1.0 22.17 0.45 22.62 FAIL
r-devel-linux-x86_64-fedora-clang 1.0 75.18 NOTE
r-devel-linux-x86_64-fedora-gcc 1.0 73.12 NOTE
r-devel-windows-ix86+x86_64 1.0 70.00 53.00 123.00 OK
r-patched-linux-x86_64 1.0 24.45 25.52 49.97 OK
r-patched-solaris-x86 1.0 81.00 OK
r-release-linux-x86_64 1.0 21.73 25.71 47.44 OK
r-release-windows-ix86+x86_64 1.0 161.00 58.00 219.00 OK
r-release-osx-x86_64 1.0 OK
r-oldrel-windows-ix86+x86_64 1.0 43.00 52.00 95.00 OK
r-oldrel-osx-x86_64 1.0 OK

Check Details

Version: 1.0
Check: package dependencies
Result: FAIL
    
Flavor: r-devel-linux-x86_64-debian-gcc

Version: 1.0
Check: compiled code
Result: NOTE
    File ‘GLMaSPU/libs/GLMaSPU.so’:
     Found no calls to: ‘R_registerRoutines’, ‘R_useDynamicSymbols’
    
    It is good practice to register native routines and to disable symbol
    search.
    
    See ‘Writing portable packages’ in the ‘Writing R Extensions’ manual.
Flavors: r-devel-linux-x86_64-fedora-clang, r-devel-linux-x86_64-fedora-gcc