CRAN Package Check Results for Package GLMaSPU

Last updated on 2020-06-05 01:50:03 CEST.

Flavor Version Tinstall Tcheck Ttotal Status Flags
r-devel-linux-x86_64-debian-clang 1.0 35.71 28.30 64.01 OK
r-devel-linux-x86_64-debian-gcc 1.0 23.81 22.69 46.50 OK
r-devel-linux-x86_64-fedora-clang 1.0 91.79 NOTE
r-devel-linux-x86_64-fedora-gcc 1.0 80.14 NOTE
r-devel-windows-ix86+x86_64 1.0 79.00 61.00 140.00 OK
r-patched-linux-x86_64 1.0 30.57 28.61 59.18 OK
r-patched-solaris-x86 1.0 83.70 OK
r-release-linux-x86_64 1.0 24.64 28.83 53.47 OK
r-release-osx-x86_64 1.0 OK
r-release-windows-ix86+x86_64 1.0 62.00 68.00 130.00 OK
r-oldrel-osx-x86_64 1.0 OK
r-oldrel-windows-ix86+x86_64 1.0 78.00 59.00 137.00 OK

Check Details

Version: 1.0
Check: compiled code
Result: NOTE
    File ‘GLMaSPU/libs/GLMaSPU.so’:
     Found no calls to: ‘R_registerRoutines’, ‘R_useDynamicSymbols’
    
    It is good practice to register native routines and to disable symbol
    search.
    
    See ‘Writing portable packages’ in the ‘Writing R Extensions’ manual.
Flavors: r-devel-linux-x86_64-fedora-clang, r-devel-linux-x86_64-fedora-gcc