CRAN Package Check Results for Package GPGame

Last updated on 2020-06-03 01:50:47 CEST.

Flavor Version Tinstall Tcheck Ttotal Status Flags
r-devel-linux-x86_64-debian-clang 1.1.0 42.92 83.24 126.16 NOTE
r-devel-linux-x86_64-debian-gcc 1.1.0 34.84 66.17 101.01 NOTE
r-devel-linux-x86_64-fedora-clang 1.1.0 176.01 NOTE
r-devel-linux-x86_64-fedora-gcc 1.1.0 154.73 NOTE
r-devel-windows-ix86+x86_64 1.1.0 110.00 138.00 248.00 OK
r-patched-linux-x86_64 1.1.0 30.32 83.36 113.68 NOTE
r-patched-solaris-x86 1.1.0 209.50 NOTE
r-release-linux-x86_64 1.1.0 32.58 83.75 116.33 NOTE
r-release-osx-x86_64 1.1.0 OK
r-release-windows-ix86+x86_64 1.1.0 82.00 189.00 271.00 OK
r-oldrel-osx-x86_64 1.1.0 WARN
r-oldrel-windows-ix86+x86_64 1.1.0 84.00 119.00 203.00 OK

Check Details

Version: 1.1.0
Check: package dependencies
Result: NOTE
    Package suggested but not available for checking: 'DiceOptim'
Flavors: r-devel-linux-x86_64-debian-clang, r-devel-linux-x86_64-debian-gcc, r-devel-linux-x86_64-fedora-clang, r-devel-linux-x86_64-fedora-gcc, r-patched-linux-x86_64, r-patched-solaris-x86, r-release-linux-x86_64

Version: 1.1.0
Check: Rd cross-references
Result: NOTE
    Unknown package 'DiceOptim' in Rd xrefs
Flavors: r-devel-linux-x86_64-debian-clang, r-devel-linux-x86_64-debian-gcc, r-devel-linux-x86_64-fedora-clang, r-devel-linux-x86_64-fedora-gcc, r-patched-linux-x86_64, r-release-linux-x86_64

Version: 1.1.0
Check: whether package can be installed
Result: WARN
    Found the following significant warnings:
     Warning: 'rgl_init' failed, running with rgl.useNULL = TRUE
Flavor: r-oldrel-osx-x86_64