CRAN Package Check Results for Package GPGame

Last updated on 2019-10-22 01:49:28 CEST.

Flavor Version Tinstall Tcheck Ttotal Status Flags
r-devel-linux-x86_64-debian-clang 1.1.0 38.52 68.20 106.72 OK
r-devel-linux-x86_64-debian-gcc 1.1.0 27.57 55.09 82.66 OK
r-devel-linux-x86_64-fedora-clang 1.1.0 141.12 OK
r-devel-linux-x86_64-fedora-gcc 1.1.0 133.74 OK
r-devel-windows-ix86+x86_64 1.1.0 75.00 116.00 191.00 OK
r-patched-linux-x86_64 1.1.0 31.77 68.14 99.91 OK
r-patched-solaris-x86 1.1.0 172.30 OK
r-release-linux-x86_64 1.1.0 32.90 67.67 100.57 OK
r-release-windows-ix86+x86_64 1.1.0 107.00 124.00 231.00 OK
r-release-osx-x86_64 1.1.0 WARN
r-oldrel-windows-ix86+x86_64 1.1.0 62.00 111.00 173.00 OK
r-oldrel-osx-x86_64 1.1.0 OK

Check Details

Version: 1.1.0
Check: whether package can be installed
Result: WARN
    Found the following significant warnings:
     Warning: 'rgl_init' failed, running with rgl.useNULL = TRUE
Flavor: r-release-osx-x86_64