CRAN Package Check Results for Package GSIF

Last updated on 2020-06-03 01:50:47 CEST.

Flavor Version Tinstall Tcheck Ttotal Status Flags
r-devel-linux-x86_64-debian-clang 0.5-5.1 38.98 210.19 249.17 NOTE
r-devel-linux-x86_64-debian-gcc 0.5-5.1 31.65 163.32 194.97 NOTE
r-devel-linux-x86_64-fedora-clang 0.5-5.1 309.92 NOTE
r-devel-linux-x86_64-fedora-gcc 0.5-5.1 304.91 NOTE
r-devel-windows-ix86+x86_64 0.5-5.1 82.00 290.00 372.00 OK
r-patched-linux-x86_64 0.5-5.1 37.21 212.19 249.40 NOTE
r-patched-solaris-x86 0.5-5.1 441.10 NOTE
r-release-linux-x86_64 0.5-5.1 36.34 210.85 247.19 NOTE
r-release-osx-x86_64 0.5-5.1 NOTE
r-release-windows-ix86+x86_64 0.5-5.1 50.00 238.00 288.00 OK
r-oldrel-osx-x86_64 0.5-5.1 OK
r-oldrel-windows-ix86+x86_64 0.5-5.1 54.00 219.00 273.00 OK

Check Details

Version: 0.5-5.1
Check: package dependencies
Result: NOTE
    Package suggested but not available for checking: 'SDMTools'
Flavors: r-devel-linux-x86_64-debian-clang, r-devel-linux-x86_64-debian-gcc, r-devel-linux-x86_64-fedora-clang, r-devel-linux-x86_64-fedora-gcc, r-patched-linux-x86_64, r-patched-solaris-x86, r-release-linux-x86_64, r-release-osx-x86_64

Version: 0.5-5.1
Check: for non-standard things in the check directory
Result: NOTE
    Found the following files/directories:
     'ORCDRC.txt'
Flavors: r-devel-linux-x86_64-debian-clang, r-devel-linux-x86_64-debian-gcc, r-devel-linux-x86_64-fedora-clang, r-devel-linux-x86_64-fedora-gcc, r-patched-linux-x86_64, r-patched-solaris-x86, r-release-linux-x86_64