CRAN Package Check Results for Package GSIF

Last updated on 2019-10-17 02:47:24 CEST.

Flavor Version Tinstall Tcheck Ttotal Status Flags
r-devel-linux-x86_64-debian-clang 0.5-5 38.45 229.58 268.03 NOTE
r-devel-linux-x86_64-debian-gcc 0.5-5 31.11 178.29 209.40 NOTE
r-devel-linux-x86_64-fedora-clang 0.5-5 327.53 NOTE
r-devel-linux-x86_64-fedora-gcc 0.5-5 317.15 NOTE
r-devel-windows-ix86+x86_64 0.5-5 100.00 324.00 424.00 OK
r-patched-linux-x86_64 0.5-5 38.18 217.39 255.57 OK
r-patched-solaris-x86 0.5-5 483.10 OK
r-release-linux-x86_64 0.5-5 34.65 221.34 255.99 OK
r-release-windows-ix86+x86_64 0.5-5 58.00 248.00 306.00 OK
r-release-osx-x86_64 0.5-5 OK
r-oldrel-windows-ix86+x86_64 0.5-5 45.00 211.00 256.00 OK
r-oldrel-osx-x86_64 0.5-5 OK

Check Details

Version: 0.5-5
Check: for non-standard things in the check directory
Result: NOTE
    Found the following files/directories:
     'ORCDRC.txt'
Flavors: r-devel-linux-x86_64-debian-clang, r-devel-linux-x86_64-debian-gcc, r-devel-linux-x86_64-fedora-clang, r-devel-linux-x86_64-fedora-gcc