CRAN Package Check Results for Package HSAR

Last updated on 2019-10-17 02:47:25 CEST.

Flavor Version Tinstall Tcheck Ttotal Status Flags
r-devel-linux-x86_64-debian-clang 0.4.2 137.45 116.84 254.29 WARN
r-devel-linux-x86_64-debian-gcc 0.4.2 103.59 91.76 195.35 OK
r-devel-linux-x86_64-fedora-clang 0.4.2 339.95 WARN
r-devel-linux-x86_64-fedora-gcc 0.4.2 336.53 OK
r-devel-windows-ix86+x86_64 0.4.2 300.00 251.00 551.00 OK
r-patched-linux-x86_64 0.4.2 109.95 115.02 224.97 OK
r-patched-solaris-x86 0.4.2 415.40 OK
r-release-linux-x86_64 0.4.2 113.87 115.61 229.48 OK
r-release-windows-ix86+x86_64 0.4.2 204.00 166.00 370.00 OK
r-release-osx-x86_64 0.4.2 WARN
r-oldrel-windows-ix86+x86_64 0.4.2 213.00 173.00 386.00 OK
r-oldrel-osx-x86_64 0.4.2 NOTE

Check Details

Version: 0.4.2
Check: whether package can be installed
Result: WARN
    Found the following significant warnings:
     sar.cpp:210:32: warning: explicitly assigning value of variable of type 'arma::sp_mat' (aka 'SpMat<double>') to itself [-Wself-assign-overloaded]
Flavors: r-devel-linux-x86_64-debian-clang, r-devel-linux-x86_64-fedora-clang, r-release-osx-x86_64

Version: 0.4.2
Check: installed package size
Result: NOTE
     installed size is 10.5Mb
     sub-directories of 1Mb or more:
     libs 10.0Mb
Flavors: r-devel-linux-x86_64-fedora-clang, r-release-osx-x86_64, r-oldrel-osx-x86_64