CRAN Package Check Results for Package HiCfeat

Last updated on 2020-04-03 04:47:24 CEST.

Flavor Version Tinstall Tcheck Ttotal Status Flags
r-devel-linux-x86_64-debian-clang 1.4 35.66 288.19 323.85 OK
r-devel-linux-x86_64-debian-gcc 1.4 30.22 214.83 245.05 OK
r-devel-linux-x86_64-fedora-clang 1.4 392.84 OK
r-devel-linux-x86_64-fedora-gcc 1.4 386.30 OK
r-devel-windows-ix86+x86_64 1.4 2.00 5.00 7.00 ERROR
r-devel-windows-ix86+x86_64-gcc8 1.4 2.00 6.00 8.00 ERROR
r-patched-linux-x86_64 1.4 29.99 262.92 292.91 OK
r-patched-solaris-x86 1.4 562.20 OK
r-release-linux-x86_64 1.4 26.59 251.08 277.67 OK
r-release-windows-ix86+x86_64 1.4 62.00 342.00 404.00 OK
r-release-osx-x86_64 1.4 ERROR
r-oldrel-windows-ix86+x86_64 1.4 44.00 240.00 284.00 OK
r-oldrel-osx-x86_64 1.4 ERROR

Check Details

Version: 1.4
Check: whether package can be installed
Result: ERROR
    Installation failed.
Flavors: r-devel-windows-ix86+x86_64, r-devel-windows-ix86+x86_64-gcc8, r-release-osx-x86_64

Version: 1.4
Check: package dependencies
Result: ERROR
    Package required but not available: ‘rtracklayer’
    
    See section ‘The DESCRIPTION file’ in the ‘Writing R Extensions’
    manual.
Flavor: r-oldrel-osx-x86_64