CRAN Package Check Results for Package HiDimDA

Last updated on 2019-10-23 03:48:29 CEST.

Flavor Version Tinstall Tcheck Ttotal Status Flags
r-devel-linux-x86_64-debian-clang 0.2-4 11.72 43.20 54.92 OK
r-devel-linux-x86_64-debian-gcc 0.2-4 8.19 32.57 40.76 OK
r-devel-linux-x86_64-fedora-clang 0.2-4 64.82 NOTE
r-devel-linux-x86_64-fedora-gcc 0.2-4 61.61 NOTE
r-devel-windows-ix86+x86_64 0.2-4 28.00 61.00 89.00 OK
r-patched-linux-x86_64 0.2-4 8.47 42.79 51.26 OK
r-patched-solaris-x86 0.2-4 87.70 OK
r-release-linux-x86_64 0.2-4 9.35 42.50 51.85 OK
r-release-windows-ix86+x86_64 0.2-4 30.00 69.00 99.00 OK
r-release-osx-x86_64 0.2-4 OK
r-oldrel-windows-ix86+x86_64 0.2-4 23.00 93.00 116.00 OK
r-oldrel-osx-x86_64 0.2-4 OK

Check Details

Version: 0.2-4
Check: compiled code
Result: NOTE
    File ‘HiDimDA/libs/HiDimDA.so’:
     Found no calls to: ‘R_registerRoutines’, ‘R_useDynamicSymbols’
    
    It is good practice to register native routines and to disable symbol
    search.
    
    See ‘Writing portable packages’ in the ‘Writing R Extensions’ manual.
Flavors: r-devel-linux-x86_64-fedora-clang, r-devel-linux-x86_64-fedora-gcc