CRAN Package Check Results for Package HiDimDA

Last updated on 2020-05-28 01:53:18 CEST.

Flavor Version Tinstall Tcheck Ttotal Status Flags
r-devel-linux-x86_64-debian-clang 0.2-4 11.36 46.91 58.27 OK
r-devel-linux-x86_64-debian-gcc 0.2-4 9.21 35.93 45.14 WARN
r-devel-linux-x86_64-fedora-clang 0.2-4 83.28 WARN
r-devel-linux-x86_64-fedora-gcc 0.2-4 70.58 WARN
r-devel-windows-ix86+x86_64 0.2-4 20.00 89.00 109.00 OK
r-patched-linux-x86_64 0.2-4 10.38 46.74 57.12 OK
r-patched-solaris-x86 0.2-4 93.80 OK
r-release-linux-x86_64 0.2-4 9.85 47.85 57.70 OK
r-release-osx-x86_64 0.2-4 OK
r-release-windows-ix86+x86_64 0.2-4 21.00 92.00 113.00 OK
r-oldrel-osx-x86_64 0.2-4 OK
r-oldrel-windows-ix86+x86_64 0.2-4 27.00 79.00 106.00 OK

Check Details

Version: 0.2-4
Check: whether package can be installed
Result: WARN
    Found the following significant warnings:
     Warning: S4 exports specified in 'NAMESPACE' but not defined in package ‘HiDimDA’
Flavors: r-devel-linux-x86_64-debian-gcc, r-devel-linux-x86_64-fedora-clang, r-devel-linux-x86_64-fedora-gcc

Version: 0.2-4
Check: compiled code
Result: NOTE
    File ‘HiDimDA/libs/HiDimDA.so’:
     Found no calls to: ‘R_registerRoutines’, ‘R_useDynamicSymbols’
    
    It is good practice to register native routines and to disable symbol
    search.
    
    See ‘Writing portable packages’ in the ‘Writing R Extensions’ manual.
Flavors: r-devel-linux-x86_64-fedora-clang, r-devel-linux-x86_64-fedora-gcc