CRAN Package Check Results for Package HiveR

Last updated on 2020-04-03 04:47:24 CEST.

Flavor Version Tinstall Tcheck Ttotal Status Flags
r-devel-linux-x86_64-debian-clang 0.3.42 13.02 210.72 223.74 OK
r-devel-linux-x86_64-debian-gcc 0.3.42 10.51 169.41 179.92 OK
r-devel-linux-x86_64-fedora-clang 0.3.42 286.99 OK
r-devel-linux-x86_64-fedora-gcc 0.3.42 276.78 OK
r-devel-windows-ix86+x86_64 0.3.42 23.00 211.00 234.00 OK
r-devel-windows-ix86+x86_64-gcc8 0.3.42 16.00 212.00 228.00 OK
r-patched-linux-x86_64 0.3.42 13.24 210.86 224.10 OK
r-patched-solaris-x86 0.3.42 419.90 OK
r-release-linux-x86_64 0.3.42 12.07 204.47 216.54 OK
r-release-windows-ix86+x86_64 0.3.42 17.00 238.00 255.00 OK
r-release-osx-x86_64 0.3.42 WARN
r-oldrel-windows-ix86+x86_64 0.3.42 11.00 236.00 247.00 OK
r-oldrel-osx-x86_64 0.3.42 OK

Check Details

Version: 0.3.42
Check: whether package can be installed
Result: WARN
    Found the following significant warnings:
     Warning: 'rgl_init' failed, running with rgl.useNULL = TRUE
Flavor: r-release-osx-x86_64